{"id":579,"date":"2025-11-11T13:37:05","date_gmt":"2025-11-11T12:37:05","guid":{"rendered":"https:\/\/misericordiadesanfernando.com\/?page_id=579"},"modified":"2025-11-17T13:52:32","modified_gmt":"2025-11-17T12:52:32","slug":"fiscalia","status":"publish","type":"page","link":"https:\/\/misericordiadesanfernando.com\/index.php\/fiscalia\/","title":{"rendered":""},"content":{"rendered":"\n<p><\/p>\n\n\n<style>.kb-image579_e0f2c4-bc .kb-image-has-overlay:after{opacity:0.3;}<\/style>\n<div class=\"wp-block-kadence-image kb-image579_e0f2c4-bc\"><figure class=\"aligncenter size-large\"><img loading=\"lazy\" decoding=\"async\" width=\"1024\" height=\"341\" src=\"https:\/\/misericordiadesanfernando.com\/wp-content\/uploads\/2025\/11\/fiscalia-1024x341.jpeg\" alt=\"\" class=\"kb-img wp-image-1198\" srcset=\"https:\/\/misericordiadesanfernando.com\/wp-content\/uploads\/2025\/11\/fiscalia-1024x341.jpeg 1024w, https:\/\/misericordiadesanfernando.com\/wp-content\/uploads\/2025\/11\/fiscalia-300x100.jpeg 300w, https:\/\/misericordiadesanfernando.com\/wp-content\/uploads\/2025\/11\/fiscalia-768x256.jpeg 768w, https:\/\/misericordiadesanfernando.com\/wp-content\/uploads\/2025\/11\/fiscalia.jpeg 1500w\" sizes=\"auto, (max-width: 1024px) 100vw, 1024px\" \/><\/figure><\/div>\n\n\n\n<p class=\"has-vivid-cyan-blue-color has-text-color has-link-color wp-elements-552ce2553fbb0304d2b8e332e0427dec\">El Fiscal de la Hermandad es aquel encargado del cumplimiento de los Estatutos y del Reglamento de R\u00e9gimen Interno, as\u00ed como de que todas las actividades de la Hermandad se ajusten a lo indicado en los mismos, velar por el cumplimiento de los acuerdos de las Juntas de Gobierno y los Cabildos Generales, as\u00ed como que los miembros de la Junta cumplan sus funciones de forma correcta.<\/p>\n\n\n\n<p class=\"has-vivid-cyan-blue-color has-text-color has-link-color wp-elements-2546e6db49a0811f86fa4189cc581eee\">Fiscalizar\u00e1 y firmar\u00e1 junto al Tesorero las cuentas anuales, as\u00ed como el presupuesto.<\/p>\n\n\n\n<p class=\"has-vivid-cyan-blue-color has-text-color has-link-color wp-elements-8d27715c49828024407c0ce232f83c88\">\u200b<\/p>\n\n\n\n<p class=\"has-vivid-cyan-blue-color has-text-color has-link-color wp-elements-c72792f185a4bc021f8ab5aa833c6bf9\">Si deseas&nbsp;realizar cualquier comunicaci\u00f3n o consulta a la&nbsp;Fiscal\u00eda puedes ponerte&nbsp;en contacto nosotros en la direcci\u00f3n de correo&nbsp;<a href=\"mailto:misericordiadesanfernando@gmail.com\">misericordiadesanfernando@gmail.com<\/a>.<\/p>\n\n\n\n<p><\/p>\n","protected":false},"excerpt":{"rendered":"<p>El Fiscal de la Hermandad es aquel encargado del cumplimiento de los Estatutos y del Reglamento de R\u00e9gimen Interno, as\u00ed como de que todas las actividades de la Hermandad se&hellip;<\/p>\n","protected":false},"author":2,"featured_media":0,"parent":0,"menu_order":0,"comment_status":"closed","ping_status":"closed","template":"","meta":{"footnotes":""},"class_list":["post-579","page","type-page","status-publish","hentry"],"_links":{"self":[{"href":"https:\/\/misericordiadesanfernando.com\/index.php\/wp-json\/wp\/v2\/pages\/579","targetHints":{"allow":["GET"]}}],"collection":[{"href":"https:\/\/misericordiadesanfernando.com\/index.php\/wp-json\/wp\/v2\/pages"}],"about":[{"href":"https:\/\/misericordiadesanfernando.com\/index.php\/wp-json\/wp\/v2\/types\/page"}],"author":[{"embeddable":true,"href":"https:\/\/misericordiadesanfernando.com\/index.php\/wp-json\/wp\/v2\/users\/2"}],"replies":[{"embeddable":true,"href":"https:\/\/misericordiadesanfernando.com\/index.php\/wp-json\/wp\/v2\/comments?post=579"}],"version-history":[{"count":4,"href":"https:\/\/misericordiadesanfernando.com\/index.php\/wp-json\/wp\/v2\/pages\/579\/revisions"}],"predecessor-version":[{"id":1498,"href":"https:\/\/misericordiadesanfernando.com\/index.php\/wp-json\/wp\/v2\/pages\/579\/revisions\/1498"}],"wp:attachment":[{"href":"https:\/\/misericordiadesanfernando.com\/index.php\/wp-json\/wp\/v2\/media?parent=579"}],"curies":[{"name":"wp","href":"https:\/\/api.w.org\/{rel}","templated":true}]}}