{"id":577,"date":"2025-11-11T13:36:00","date_gmt":"2025-11-11T12:36:00","guid":{"rendered":"https:\/\/misericordiadesanfernando.com\/?page_id=577"},"modified":"2026-01-27T10:16:43","modified_gmt":"2026-01-27T09:16:43","slug":"1975-2025-ano-de-gracia","status":"publish","type":"page","link":"https:\/\/misericordiadesanfernando.com\/index.php\/1975-2025-ano-de-gracia\/","title":{"rendered":""},"content":{"rendered":"\n<p><\/p>\n\n\n<style>.kb-image577_37692d-f5 .kb-image-has-overlay:after{opacity:0.3;}<\/style>\n<div class=\"wp-block-kadence-image kb-image577_37692d-f5\"><figure class=\"aligncenter size-large\"><img loading=\"lazy\" decoding=\"async\" width=\"1024\" height=\"341\" src=\"https:\/\/misericordiadesanfernando.com\/wp-content\/uploads\/2025\/11\/anogracia-1024x341.jpeg\" alt=\"\" class=\"kb-img wp-image-1234\" srcset=\"https:\/\/misericordiadesanfernando.com\/wp-content\/uploads\/2025\/11\/anogracia-1024x341.jpeg 1024w, https:\/\/misericordiadesanfernando.com\/wp-content\/uploads\/2025\/11\/anogracia-300x100.jpeg 300w, https:\/\/misericordiadesanfernando.com\/wp-content\/uploads\/2025\/11\/anogracia-768x256.jpeg 768w, https:\/\/misericordiadesanfernando.com\/wp-content\/uploads\/2025\/11\/anogracia.jpeg 1500w\" sizes=\"auto, (max-width: 1024px) 100vw, 1024px\" \/><\/figure><\/div>\n\n\n\n<p class=\"has-text-align-center has-vivid-cyan-blue-color has-text-color has-link-color wp-elements-e0fab3da91f54d91476ebf2de2cae9aa\"><strong><u>EL A\u00d1O 2025; UN A\u00d1O DE GRACIA PARA LA MISERICORDIA<\/u><\/strong><\/p>\n\n\n\n<p class=\"has-vivid-cyan-blue-color has-text-color has-link-color wp-elements-27d5ba65be331c689f640cffe51c1b5b\">El a\u00f1o 1975 fue un a\u00f1o especial e hist\u00f3rico para la Hermandad de la Misericordia en el devenir de los tiempos. Durante aquellos doce meses, la Hermandad, en pleno auge desde el momento de su fundaci\u00f3n, fue pionera en la creaci\u00f3n de su Junta Auxiliar \u2013hoy Grupo Joven-, fue la primera Hermandad de la ciudad en obtener el T\u00edtulo de Sacramental y, en el mes de diciembre, se produjo la llegada y puesta al culto de la Sant\u00edsima Virgen de la Piedad.<\/p>\n\n\n\n<p class=\"has-vivid-cyan-blue-color has-text-color has-link-color wp-elements-ab4f6c45db8f91b6f5551af14bb6aaec\">El a\u00f1o 2025 ha sido, por tanto, un \u201cA\u00f1o de Gracia\u201d para los cofrades de la Misericordia, donde hemos ofrecido y exportado lo mejor de nosotros para volver a poner en valor aquello que nuestros mayores nos legaron en el lejano a\u00f1o 1975 y que hoy recib\u00edamos como herencia.<\/p>\n\n\n\n<p class=\"has-vivid-cyan-blue-color has-text-color has-link-color wp-elements-ed5990c7a99357a7cab0cf75940fedee\">En el a\u00f1o 2025, tambi\u00e9n hemos cumplido el 40 aniversario de la procesi\u00f3n de vuelta el Viernes Santo con la Hermandad de la Soledad, y con ello, el inicio de los lazos de uni\u00f3n entre las dos corporaciones penitenciales, un acontecimiento tambi\u00e9n hist\u00f3rico para el que propondremos hacer, un gui\u00f1o en el tiempo.<\/p>\n\n\n\n<p class=\"has-vivid-cyan-blue-color has-text-color has-link-color wp-elements-b7cc5b5839091a3dc0b679573d2dc9f1\">Tambi\u00e9n hemos celebrado los 50 a\u00f1os la instalaci\u00f3n en el Real de la Feria de la primera Caseta de la Hermandad, consagr\u00e1ndose como el punto de encuentro de los hermanos de la Misericordia durante la semana de las fiestas patronales.<\/p>\n\n\n\n<p class=\"has-vivid-cyan-blue-color has-text-color has-link-color wp-elements-9e2570bccaef7650eda3620e44325dab\">Desde la Comisi\u00f3n de trabajo llevada a cabo para este aniversario, se organizaron los siguientes actos para conmemorar dichas efem\u00e9rides.<\/p>\n\n\n\n<div class=\"wp-block-envira-envira-gallery\"><div id=\"envira-gallery-wrap-622\" class=\"envira-gallery-wrap envira-gallery-theme-base envira-lightbox-theme-base\" itemscope itemtype=\"https:\/\/schema.org\/ImageGallery\"><div data-row-height=\"250\" data-gallery-theme=\"normal\" id=\"envira-gallery-622\" class=\"envira-gallery-public envira-gallery-justified-public envira-gallery-0-columns envira-clear enviratope envira-gallery-css-animations\" data-envira-columns=\"0\"><div id=\"envira-gallery-item-619\" class=\"envira-gallery-item enviratope-item envira-gallery-item-1 envira-lazy-load\" style=\"padding-left: 1px; padding-bottom: 1px; padding-right: 1px;\"  itemscope itemtype=\"https:\/\/schema.org\/ImageObject\"><div class=\"envira-gallery-item-inner\"><div class=\"envira-gallery-position-overlay  envira-gallery-top-left\"><\/div><div class=\"envira-gallery-position-overlay  envira-gallery-top-right\"><\/div><div class=\"envira-gallery-position-overlay  envira-gallery-bottom-left\"><\/div><div class=\"envira-gallery-position-overlay  envira-gallery-bottom-right\"><\/div><a href=\"https:\/\/misericordiadesanfernando.com\/wp-content\/uploads\/2025\/11\/image00158-scaled.jpeg\" class=\"envira-gallery-622 envira-gallery-link\" rel=\"enviragallery622\" title=\"image00158\" data-envira-caption=\"image00158\" data-envira-retina=\"\" data-thumbnail=\"\"  itemprop=\"contentUrl\"><img decoding=\"async\" id=\"envira-gallery-image-619\" class=\"envira-gallery-image envira-gallery-image-1 envira-normal envira-lazy\" data-envira-index=\"1\" src=\"https:\/\/misericordiadesanfernando.com\/wp-content\/uploads\/2025\/11\/image00158-987x1024-640x480.jpeg\" data-envira-src=\"https:\/\/misericordiadesanfernando.com\/wp-content\/uploads\/2025\/11\/image00158-987x1024-640x480.jpeg\" data-envira-gallery-id=\"622\" data-envira-item-id=\"619\" data-envira-caption=\"image00158\" alt=\"\" title=\"image00158\"  itemprop=\"thumbnailUrl\" data-envira-srcset=\"https:\/\/misericordiadesanfernando.com\/wp-content\/uploads\/2025\/11\/image00158-987x1024-640x480.jpeg 400w,https:\/\/misericordiadesanfernando.com\/wp-content\/uploads\/2025\/11\/image00158-987x1024-640x480.jpeg 2x\" data-envira-width=\"289\" data-envira-height=\"300\" srcset=\"data:image\/gif;base64,R0lGODlhAQABAIAAAP\/\/\/\/\/\/\/yH5BAEKAAEALAAAAAABAAEAAAICTAEAOw==\" data-safe-src=\"data:image\/gif;base64,R0lGODlhAQABAIAAAP\/\/\/\/\/\/\/yH5BAEKAAEALAAAAAABAAEAAAICTAEAOw==\" \/><\/a><\/div><\/div><div id=\"envira-gallery-item-621\" class=\"envira-gallery-item enviratope-item envira-gallery-item-2 envira-lazy-load\" style=\"padding-left: 1px; padding-bottom: 1px; padding-right: 1px;\"  itemscope itemtype=\"https:\/\/schema.org\/ImageObject\"><div class=\"envira-gallery-item-inner\"><div class=\"envira-gallery-position-overlay  envira-gallery-top-left\"><\/div><div class=\"envira-gallery-position-overlay  envira-gallery-top-right\"><\/div><div class=\"envira-gallery-position-overlay  envira-gallery-bottom-left\"><\/div><div class=\"envira-gallery-position-overlay  envira-gallery-bottom-right\"><\/div><a href=\"https:\/\/misericordiadesanfernando.com\/wp-content\/uploads\/2025\/11\/image00156-1-scaled.jpeg\" class=\"envira-gallery-622 envira-gallery-link\" rel=\"enviragallery622\" title=\"image00156\" data-envira-caption=\"image00156\" data-envira-retina=\"\" data-thumbnail=\"\"  itemprop=\"contentUrl\"><img decoding=\"async\" id=\"envira-gallery-image-621\" class=\"envira-gallery-image envira-gallery-image-2 envira-normal envira-lazy\" data-envira-index=\"2\" src=\"https:\/\/misericordiadesanfernando.com\/wp-content\/uploads\/2025\/11\/image00156-1-683x1024-640x480.jpeg\" data-envira-src=\"https:\/\/misericordiadesanfernando.com\/wp-content\/uploads\/2025\/11\/image00156-1-683x1024-640x480.jpeg\" data-envira-gallery-id=\"622\" data-envira-item-id=\"621\" data-envira-caption=\"image00156\" alt=\"\" title=\"image00156\"  itemprop=\"thumbnailUrl\" data-envira-srcset=\"https:\/\/misericordiadesanfernando.com\/wp-content\/uploads\/2025\/11\/image00156-1-683x1024-640x480.jpeg 400w,https:\/\/misericordiadesanfernando.com\/wp-content\/uploads\/2025\/11\/image00156-1-683x1024-640x480.jpeg 2x\" data-envira-width=\"200\" data-envira-height=\"300\" srcset=\"data:image\/gif;base64,R0lGODlhAQABAIAAAP\/\/\/\/\/\/\/yH5BAEKAAEALAAAAAABAAEAAAICTAEAOw==\" data-safe-src=\"data:image\/gif;base64,R0lGODlhAQABAIAAAP\/\/\/\/\/\/\/yH5BAEKAAEALAAAAAABAAEAAAICTAEAOw==\" \/><\/a><\/div><\/div><div id=\"envira-gallery-item-620\" class=\"envira-gallery-item enviratope-item envira-gallery-item-3 envira-lazy-load\" style=\"padding-left: 1px; padding-bottom: 1px; padding-right: 1px;\"  itemscope itemtype=\"https:\/\/schema.org\/ImageObject\"><div class=\"envira-gallery-item-inner\"><div class=\"envira-gallery-position-overlay  envira-gallery-top-left\"><\/div><div class=\"envira-gallery-position-overlay  envira-gallery-top-right\"><\/div><div class=\"envira-gallery-position-overlay  envira-gallery-bottom-left\"><\/div><div class=\"envira-gallery-position-overlay  envira-gallery-bottom-right\"><\/div><a href=\"https:\/\/misericordiadesanfernando.com\/wp-content\/uploads\/2025\/11\/image00157-1-scaled.jpeg\" class=\"envira-gallery-622 envira-gallery-link\" rel=\"enviragallery622\" title=\"image00157\" data-envira-caption=\"image00157\" data-envira-retina=\"\" data-thumbnail=\"\"  itemprop=\"contentUrl\"><img decoding=\"async\" id=\"envira-gallery-image-620\" class=\"envira-gallery-image envira-gallery-image-3 envira-normal envira-lazy\" data-envira-index=\"3\" src=\"https:\/\/misericordiadesanfernando.com\/wp-content\/uploads\/2025\/11\/image00157-1-1024x682-640x480.jpeg\" data-envira-src=\"https:\/\/misericordiadesanfernando.com\/wp-content\/uploads\/2025\/11\/image00157-1-1024x682-640x480.jpeg\" data-envira-gallery-id=\"622\" data-envira-item-id=\"620\" data-envira-caption=\"image00157\" alt=\"\" title=\"image00157\"  itemprop=\"thumbnailUrl\" data-envira-srcset=\"https:\/\/misericordiadesanfernando.com\/wp-content\/uploads\/2025\/11\/image00157-1-1024x682-640x480.jpeg 400w,https:\/\/misericordiadesanfernando.com\/wp-content\/uploads\/2025\/11\/image00157-1-1024x682-640x480.jpeg 2x\" data-envira-width=\"300\" data-envira-height=\"200\" srcset=\"data:image\/gif;base64,R0lGODlhAQABAIAAAP\/\/\/\/\/\/\/yH5BAEKAAEALAAAAAABAAEAAAICTAEAOw==\" data-safe-src=\"data:image\/gif;base64,R0lGODlhAQABAIAAAP\/\/\/\/\/\/\/yH5BAEKAAEALAAAAAABAAEAAAICTAEAOw==\" \/><\/a><\/div><\/div><div id=\"envira-gallery-item-623\" class=\"envira-gallery-item enviratope-item envira-gallery-item-4 envira-lazy-load\" style=\"padding-left: 1px; padding-bottom: 1px; padding-right: 1px;\"  itemscope itemtype=\"https:\/\/schema.org\/ImageObject\"><div class=\"envira-gallery-item-inner\"><div class=\"envira-gallery-position-overlay  envira-gallery-top-left\"><\/div><div class=\"envira-gallery-position-overlay  envira-gallery-top-right\"><\/div><div class=\"envira-gallery-position-overlay  envira-gallery-bottom-left\"><\/div><div class=\"envira-gallery-position-overlay  envira-gallery-bottom-right\"><\/div><a href=\"https:\/\/misericordiadesanfernando.com\/wp-content\/uploads\/2025\/11\/70x100-scaled.jpg\" class=\"envira-gallery-622 envira-gallery-link\" rel=\"enviragallery622\" title=\"70&amp;amp;#215;100\" data-envira-caption=\"70&amp;amp;#215;100\" data-envira-retina=\"\" data-thumbnail=\"\"  itemprop=\"contentUrl\"><img decoding=\"async\" id=\"envira-gallery-image-623\" class=\"envira-gallery-image envira-gallery-image-4 envira-normal envira-lazy\" data-envira-index=\"4\" src=\"https:\/\/misericordiadesanfernando.com\/wp-content\/uploads\/2025\/11\/70x100-717x1024-640x480.jpg\" data-envira-src=\"https:\/\/misericordiadesanfernando.com\/wp-content\/uploads\/2025\/11\/70x100-717x1024-640x480.jpg\" data-envira-gallery-id=\"622\" data-envira-item-id=\"623\" data-envira-caption=\"70&amp;amp;#215;100\" alt=\"\" title=\"70&amp;#215;100\"  itemprop=\"thumbnailUrl\" data-envira-srcset=\"https:\/\/misericordiadesanfernando.com\/wp-content\/uploads\/2025\/11\/70x100-717x1024-640x480.jpg 400w,https:\/\/misericordiadesanfernando.com\/wp-content\/uploads\/2025\/11\/70x100-717x1024-640x480.jpg 2x\" data-envira-width=\"210\" data-envira-height=\"300\" srcset=\"data:image\/gif;base64,R0lGODlhAQABAIAAAP\/\/\/\/\/\/\/yH5BAEKAAEALAAAAAABAAEAAAICTAEAOw==\" data-safe-src=\"data:image\/gif;base64,R0lGODlhAQABAIAAAP\/\/\/\/\/\/\/yH5BAEKAAEALAAAAAABAAEAAAICTAEAOw==\" \/><\/a><\/div><\/div><\/div><\/div><noscript><img decoding=\"async\" src=\"https:\/\/misericordiadesanfernando.com\/wp-content\/uploads\/2025\/11\/image00158-scaled.jpeg\" alt=\"\" \/><img decoding=\"async\" src=\"https:\/\/misericordiadesanfernando.com\/wp-content\/uploads\/2025\/11\/image00156-1-scaled.jpeg\" alt=\"\" \/><img decoding=\"async\" src=\"https:\/\/misericordiadesanfernando.com\/wp-content\/uploads\/2025\/11\/image00157-1-scaled.jpeg\" alt=\"\" \/><img decoding=\"async\" src=\"https:\/\/misericordiadesanfernando.com\/wp-content\/uploads\/2025\/11\/70x100-scaled.jpg\" alt=\"\" \/><\/noscript><\/div>\n\n\n\n<div data-wp-interactive=\"core\/file\" class=\"wp-block-file\"><object data-wp-bind--hidden=\"!state.hasPdfPreview\" hidden class=\"wp-block-file__embed\" data=\"https:\/\/misericordiadesanfernando.com\/wp-content\/uploads\/2025\/11\/PROGRAMA-PIEDAD-DEFINITIVO-3.pdf\" type=\"application\/pdf\" style=\"width:100%;height:600px\" aria-label=\"Incrustado de PROGRAMA PIEDAD DEFINITIVO.\"><\/object><a id=\"wp-block-file--media-5dc9d881-c9c2-4f88-9df5-1d3ee90ffccd\" href=\"https:\/\/misericordiadesanfernando.com\/wp-content\/uploads\/2025\/11\/PROGRAMA-PIEDAD-DEFINITIVO-3.pdf\">PROGRAMA PIEDAD DEFINITIVO<\/a><a href=\"https:\/\/misericordiadesanfernando.com\/wp-content\/uploads\/2025\/11\/PROGRAMA-PIEDAD-DEFINITIVO-3.pdf\" class=\"wp-block-file__button wp-element-button\" download aria-describedby=\"wp-block-file--media-5dc9d881-c9c2-4f88-9df5-1d3ee90ffccd\">Descarga<\/a><\/div>\n\n\n\n<p><\/p>\n\n\n\n<figure class=\"wp-block-embed is-type-video is-provider-youtube wp-block-embed-youtube wp-embed-aspect-16-9 wp-has-aspect-ratio\"><div class=\"wp-block-embed__wrapper\">\n<iframe loading=\"lazy\" title=\"&#039;50 a\u00f1os de Piedad en La Isla&#039; | Hermandad de la Misericordia | 4K | 2026\" width=\"900\" height=\"506\" src=\"https:\/\/www.youtube.com\/embed\/t7D8MBR8fX8?feature=oembed\" frameborder=\"0\" allow=\"accelerometer; autoplay; clipboard-write; encrypted-media; gyroscope; picture-in-picture; web-share\" referrerpolicy=\"strict-origin-when-cross-origin\" allowfullscreen><\/iframe>\n<\/div><\/figure>\n","protected":false},"excerpt":{"rendered":"<p>EL A\u00d1O 2025; UN A\u00d1O DE GRACIA PARA LA MISERICORDIA El a\u00f1o 1975 fue un a\u00f1o especial e hist\u00f3rico para la Hermandad de la Misericordia en el devenir de los&hellip;<\/p>\n","protected":false},"author":2,"featured_media":0,"parent":0,"menu_order":0,"comment_status":"closed","ping_status":"closed","template":"","meta":{"footnotes":""},"class_list":["post-577","page","type-page","status-publish","hentry"],"_links":{"self":[{"href":"https:\/\/misericordiadesanfernando.com\/index.php\/wp-json\/wp\/v2\/pages\/577","targetHints":{"allow":["GET"]}}],"collection":[{"href":"https:\/\/misericordiadesanfernando.com\/index.php\/wp-json\/wp\/v2\/pages"}],"about":[{"href":"https:\/\/misericordiadesanfernando.com\/index.php\/wp-json\/wp\/v2\/types\/page"}],"author":[{"embeddable":true,"href":"https:\/\/misericordiadesanfernando.com\/index.php\/wp-json\/wp\/v2\/users\/2"}],"replies":[{"embeddable":true,"href":"https:\/\/misericordiadesanfernando.com\/index.php\/wp-json\/wp\/v2\/comments?post=577"}],"version-history":[{"count":9,"href":"https:\/\/misericordiadesanfernando.com\/index.php\/wp-json\/wp\/v2\/pages\/577\/revisions"}],"predecessor-version":[{"id":3271,"href":"https:\/\/misericordiadesanfernando.com\/index.php\/wp-json\/wp\/v2\/pages\/577\/revisions\/3271"}],"wp:attachment":[{"href":"https:\/\/misericordiadesanfernando.com\/index.php\/wp-json\/wp\/v2\/media?parent=577"}],"curies":[{"name":"wp","href":"https:\/\/api.w.org\/{rel}","templated":true}]}}