{"id":573,"date":"2025-11-11T13:34:40","date_gmt":"2025-11-11T12:34:40","guid":{"rendered":"https:\/\/misericordiadesanfernando.com\/?page_id=573"},"modified":"2025-11-17T20:19:20","modified_gmt":"2025-11-17T19:19:20","slug":"viacrucis-hermandades-2015","status":"publish","type":"page","link":"https:\/\/misericordiadesanfernando.com\/index.php\/viacrucis-hermandades-2015\/","title":{"rendered":""},"content":{"rendered":"\n<p><\/p>\n\n\n<style>.kb-image573_9ac74a-50 .kb-image-has-overlay:after{opacity:0.3;}<\/style>\n<div class=\"wp-block-kadence-image kb-image573_9ac74a-50\"><figure class=\"aligncenter size-large\"><img loading=\"lazy\" decoding=\"async\" width=\"1024\" height=\"341\" src=\"https:\/\/misericordiadesanfernando.com\/wp-content\/uploads\/2025\/11\/viacrucis2015-1024x341.jpeg\" alt=\"\" class=\"kb-img wp-image-1153\" srcset=\"https:\/\/misericordiadesanfernando.com\/wp-content\/uploads\/2025\/11\/viacrucis2015-1024x341.jpeg 1024w, https:\/\/misericordiadesanfernando.com\/wp-content\/uploads\/2025\/11\/viacrucis2015-300x100.jpeg 300w, https:\/\/misericordiadesanfernando.com\/wp-content\/uploads\/2025\/11\/viacrucis2015-768x256.jpeg 768w, https:\/\/misericordiadesanfernando.com\/wp-content\/uploads\/2025\/11\/viacrucis2015.jpeg 1500w\" sizes=\"auto, (max-width: 1024px) 100vw, 1024px\" \/><\/figure><\/div>\n\n\n\n<p class=\"has-text-align-center has-vivid-cyan-blue-color has-text-color has-link-color wp-elements-6dd253dedcf5aeae041db1f43af6b155\"><strong>EL VIA-CRUCIS DE LAS HERMANDADES ISLE\u00d1AS \u2013 A\u00d1O 2015<\/strong><\/p>\n\n\n\n<p class=\"has-vivid-cyan-blue-color has-text-color has-link-color wp-elements-d1e7188072d31dfcdeb5d0f7dfda790f\">Un centenar de hermanos de la Misericordia acompa\u00f1aron en la jornada del lunes d\u00eda 23 de febrero del a\u00f1o 2015, primero de Cuaresma, a su titular, Jes\u00fas de la Misericordia, en los traslados de ida y regreso a la iglesia Mayor para el V\u00eda Crucis oficial de las hermandades y cofrad\u00edas de San Fernando, organizado por el Consejo Local de Hermandades y Cofrad\u00edas.<\/p>\n\n\n\n<p class=\"has-vivid-cyan-blue-color has-text-color has-link-color wp-elements-73bc06c7cff9419f3929b2862db73e75\">El traslado del Se\u00f1or de la Misericordia se realiz\u00f3, como mandan los c\u00e1nones, dando verdadero testimonio de fe y respecto por parte de los cofrades pastore\u00f1os del Jueves Santo. Una c\u00e1tedra de las cosas bien hechas que comenz\u00f3 a las 19,40 horas con el traslado hasta la iglesia Mayor, donde se recorrieron las siguientes calles; la Plaza de la Pastora, Marconi, Santo Domingo, Beato Cardenal Sp\u00ednola, Murillo, Rosario, Plaza de la Iglesia y cruce de la calle Real para entrar por el cancel de la iglesia Mayor.<\/p>\n\n\n\n<p class=\"has-vivid-cyan-blue-color has-text-color has-link-color wp-elements-62716f78d6e209319a8f28122f65b666\">El Se\u00f1or de la Misericordia fue portado de forma extraordinaria en la parihuela dorada de la hermandad del Nazareno, cedida para la ocasi\u00f3n. Luci\u00f3 la t\u00fanica bordada en 2007 por Jaime Zaragoza, as\u00ed como la cruz completa con sus cantoneras. La parihuela fue portada por la cuadrilla de hermanos de la Misericordia, a las \u00f3rdenes de Francisco Gonz\u00e1lez Morilla.<\/p>\n\n\n\n<p class=\"has-vivid-cyan-blue-color has-text-color has-link-color wp-elements-558c94da75fa5c909db0c8417b261de6\">La Coral Logar de la Puente conform\u00f3 la capilla musical que acompa\u00f1\u00f3 en aquel primer lunes de la cuaresma al Se\u00f1or de la Misericordia.<\/p>\n\n\n\n<p class=\"has-vivid-cyan-blue-color has-text-color has-link-color wp-elements-b015fadf4ee1fff9f75cb86a62d16170\">Un acto donde destac\u00f3 sobre todas las cosas el profundo esp\u00edritu carmelitano de la hermandad en el piadoso acto del V\u00eda Crucis, ya que todas las meditaciones del mismo fueron realizadas por las monjas carmelitas de clausura. El lema de este v\u00eda crucis, fue el mismo que el de la hermana Mar\u00eda Cristina de Jes\u00fas Sacramentado; \u201cOrar, Callar y Sufrir\u201d. Como an\u00e9cdota, en los textos se tuvo en cuenta la celebraci\u00f3n del V Centenario del nacimiento de Santa Teresa de Jes\u00fas.<\/p>\n\n\n\n<p class=\"has-vivid-cyan-blue-color has-text-color has-link-color wp-elements-4c15e4d365359fa3ed47d3357a4b76c8\">El cortejo cont\u00f3 con tres partes bien diferenciadas. En una primera fueron los m\u00e1s peque\u00f1os de la hermandad, tras el bander\u00edn del Grupo Joven, otra secci\u00f3n con el Guion Sacramental con los miembros del grupo joven, y por \u00faltimo la bandera de la hermandad, con todos los hermanos ordenados por antig\u00fcedad.<\/p>\n\n\n\n<p class=\"has-vivid-cyan-blue-color has-text-color has-link-color wp-elements-2d1338ed7af37c672f257425bdbdf5df\">En el interior del templo, las meditaciones fueron le\u00eddas por el periodista isle\u00f1o Santiago Mu\u00f1oz Romero, mientras que cada una de las estaciones fueron comentadas por el carmelita Alejandro Soriano Mart\u00ednez, Vicario Parroquial de la Iglesia del Carmen en aquel momento.<\/p>\n\n\n\n<p class=\"has-vivid-cyan-blue-color has-text-color has-link-color wp-elements-536ef1125b26346a82cc5b4ea1b5863d\">El titular de la Misericordia permaneci\u00f3 ante el altar mayor y s\u00f3lo la cruz de gu\u00eda fue la que marc\u00f3 las estaciones por el interior del primer templo parroquial. El acto comenz\u00f3 a las 20,15 horas en la iglesia Mayor parroquial y a su t\u00e9rmino se llev\u00f3 a cabo el traslado de vuelta, que se realiz\u00f3 por las calles Plaza de la Iglesia, Rosario, Murillo, Beato Cardenal Sp\u00ednola, Esca\u00f1o, Maldonado, Marconi y Plaza de la Pastora, haciendo su entrada en la parroquia a las 22,15 horas.<\/p>\n\n\n\n<p class=\"has-vivid-cyan-blue-color has-text-color has-link-color wp-elements-4215fc23e1d3082b3f48b7bd8032bdd1\">Como an\u00e9cdota, la hermandad de la Misericordia edit\u00f3 un cartel y un libreto que estuvo ilustrado por un dibujo de la cara del titular, realizado por el joven Jos\u00e9 Antonio S\u00e1nchez Rivero.<\/p>\n\n\n<style>.kb-image573_5eb96f-af .kb-image-has-overlay:after{opacity:0.3;}<\/style>\n<div class=\"wp-block-kadence-image kb-image573_5eb96f-af\"><figure class=\"aligncenter size-large\"><img loading=\"lazy\" decoding=\"async\" width=\"1024\" height=\"680\" src=\"https:\/\/misericordiadesanfernando.com\/wp-content\/uploads\/2025\/11\/WhatsApp-Image-2025-11-17-at-20.18.52-1024x680.jpeg\" alt=\"\" class=\"kb-img wp-image-1766\" srcset=\"https:\/\/misericordiadesanfernando.com\/wp-content\/uploads\/2025\/11\/WhatsApp-Image-2025-11-17-at-20.18.52-1024x680.jpeg 1024w, https:\/\/misericordiadesanfernando.com\/wp-content\/uploads\/2025\/11\/WhatsApp-Image-2025-11-17-at-20.18.52-300x199.jpeg 300w, https:\/\/misericordiadesanfernando.com\/wp-content\/uploads\/2025\/11\/WhatsApp-Image-2025-11-17-at-20.18.52-768x510.jpeg 768w, https:\/\/misericordiadesanfernando.com\/wp-content\/uploads\/2025\/11\/WhatsApp-Image-2025-11-17-at-20.18.52-1536x1020.jpeg 1536w, https:\/\/misericordiadesanfernando.com\/wp-content\/uploads\/2025\/11\/WhatsApp-Image-2025-11-17-at-20.18.52-150x100.jpeg 150w, https:\/\/misericordiadesanfernando.com\/wp-content\/uploads\/2025\/11\/WhatsApp-Image-2025-11-17-at-20.18.52.jpeg 1600w\" sizes=\"auto, (max-width: 1024px) 100vw, 1024px\" \/><\/figure><\/div>\n","protected":false},"excerpt":{"rendered":"<p>EL VIA-CRUCIS DE LAS HERMANDADES ISLE\u00d1AS \u2013 A\u00d1O 2015 Un centenar de hermanos de la Misericordia acompa\u00f1aron en la jornada del lunes d\u00eda 23 de febrero del a\u00f1o 2015, primero&hellip;<\/p>\n","protected":false},"author":2,"featured_media":0,"parent":0,"menu_order":0,"comment_status":"closed","ping_status":"closed","template":"","meta":{"footnotes":""},"class_list":["post-573","page","type-page","status-publish","hentry"],"_links":{"self":[{"href":"https:\/\/misericordiadesanfernando.com\/index.php\/wp-json\/wp\/v2\/pages\/573","targetHints":{"allow":["GET"]}}],"collection":[{"href":"https:\/\/misericordiadesanfernando.com\/index.php\/wp-json\/wp\/v2\/pages"}],"about":[{"href":"https:\/\/misericordiadesanfernando.com\/index.php\/wp-json\/wp\/v2\/types\/page"}],"author":[{"embeddable":true,"href":"https:\/\/misericordiadesanfernando.com\/index.php\/wp-json\/wp\/v2\/users\/2"}],"replies":[{"embeddable":true,"href":"https:\/\/misericordiadesanfernando.com\/index.php\/wp-json\/wp\/v2\/comments?post=573"}],"version-history":[{"count":4,"href":"https:\/\/misericordiadesanfernando.com\/index.php\/wp-json\/wp\/v2\/pages\/573\/revisions"}],"predecessor-version":[{"id":1767,"href":"https:\/\/misericordiadesanfernando.com\/index.php\/wp-json\/wp\/v2\/pages\/573\/revisions\/1767"}],"wp:attachment":[{"href":"https:\/\/misericordiadesanfernando.com\/index.php\/wp-json\/wp\/v2\/media?parent=573"}],"curies":[{"name":"wp","href":"https:\/\/api.w.org\/{rel}","templated":true}]}}