{"id":1393,"date":"2025-11-17T11:01:47","date_gmt":"2025-11-17T10:01:47","guid":{"rendered":"https:\/\/misericordiadesanfernando.com\/?page_id=1393"},"modified":"2025-11-17T20:58:33","modified_gmt":"2025-11-17T19:58:33","slug":"1393-2","status":"publish","type":"page","link":"https:\/\/misericordiadesanfernando.com\/index.php\/1393-2\/","title":{"rendered":""},"content":{"rendered":"\n<p><\/p>\n\n\n<style>.kb-image1393_d52fc0-e7 .kb-image-has-overlay:after{opacity:0.3;}<\/style>\n<div class=\"wp-block-kadence-image kb-image1393_d52fc0-e7\"><figure class=\"aligncenter size-large\"><img loading=\"lazy\" decoding=\"async\" width=\"1024\" height=\"341\" src=\"https:\/\/misericordiadesanfernando.com\/wp-content\/uploads\/2025\/11\/JESUSSACRAMENTADO-1024x341.jpeg\" alt=\"\" class=\"kb-img wp-image-1394\" srcset=\"https:\/\/misericordiadesanfernando.com\/wp-content\/uploads\/2025\/11\/JESUSSACRAMENTADO-1024x341.jpeg 1024w, https:\/\/misericordiadesanfernando.com\/wp-content\/uploads\/2025\/11\/JESUSSACRAMENTADO-300x100.jpeg 300w, https:\/\/misericordiadesanfernando.com\/wp-content\/uploads\/2025\/11\/JESUSSACRAMENTADO-768x256.jpeg 768w, https:\/\/misericordiadesanfernando.com\/wp-content\/uploads\/2025\/11\/JESUSSACRAMENTADO.jpeg 1500w\" sizes=\"auto, (max-width: 1024px) 100vw, 1024px\" \/><\/figure><\/div>\n\n\n\n<p class=\"has-text-align-center has-vivid-cyan-blue-color has-text-color has-link-color wp-elements-38a9f981d2b03ccd03679ff04824a93e\"><strong>\u00a1ALABADO SEA JES\u00daS SACRAMENTADO!<\/strong><\/p>\n\n\n\n<p class=\"has-vivid-cyan-blue-color has-text-color has-link-color wp-elements-86bcb3d43de14571692288ac610dff1a\">Los hermanos de Misericordia, en el a\u00f1o 2025, estuvimos de enhorabuena, al celebrar 50 a\u00f1os de unas cuantas efem\u00e9rides que vivimos los que tenemos la suerte de seguir con vida, gracias a dios, que marcaron la vida y rumbo de una hermandad, que por entonces ten\u00eda solo 18 a\u00f1os de existencia.<\/p>\n\n\n\n<p class=\"has-vivid-cyan-blue-color has-text-color has-link-color wp-elements-ac0dc32bb839294a820caaa94ec41cfe\">Para muchos, estos acontecimientos nos han llevado a considerar que el a\u00f1o 1975, fue un \u201cA\u00f1o de Gracia\u201d para nuestra querida hermandad. Uno de esos acontecimientos fue la aprobaci\u00f3n, por parte de nuestro obispado, del t\u00edtulo de Hermandad Sacramental, con el que reconoc\u00edamos que nuestro primer titular era Jes\u00fas Sacramentado, Jes\u00fas hecho Eucarist\u00eda.<\/p>\n\n\n\n<p class=\"has-vivid-cyan-blue-color has-text-color has-link-color wp-elements-9aad380fce121a1a94034dac627dc83c\">Podr\u00edamos pensar, que fue una simple acci\u00f3n, el solicitar este t\u00edtulo para nuestra corporaci\u00f3n. Pero no fue as\u00ed. All\u00e1 por el a\u00f1o 1972, ya celebramos nuestros primeros Viernes de marzo, con cultos eucar\u00edsticos, y esto, siguiendo siempre las directrices de nuestro querido y recordado p\u00e1rroco, el Padre Arenas, que nos animaba a cultos los primeros viernes de mes, d\u00eda vinculado a tradiciones de la iglesia relacionado con la eucarist\u00eda.<\/p>\n\n\n\n<p class=\"has-vivid-cyan-blue-color has-text-color has-link-color wp-elements-ab388efde7b874b77220927a6bb3883a\">Igualmente, a petici\u00f3n del Padre Arenas, nos llev\u00f3 a que la hermandad, se hiciera cargo de C\u00e1ritas Parroquial, signo del amor de una parroquia a sus feligreses m\u00e1s necesitados, organizaci\u00f3n vinculada a una actuaci\u00f3n, fruto del amor de los amores. Con todo este expediente, y dado que en nuestra parroquia no exist\u00eda Hermandad Sacramental por ser una parroquia reciente, y por acuerdo de Junta de Gobierno, con el visto bueno de nuestro p\u00e1rroco, propusimos esta nueva titulaci\u00f3n para encabezar la nominaci\u00f3n de nuestra hermandad.<\/p>\n\n\n\n<p class=\"has-vivid-cyan-blue-color has-text-color has-link-color wp-elements-7efa77c2a3b362b00a8238e053c8f2ff\">Una vez aprobado, sab\u00edamos a qu\u00e9 nos compromet\u00edamos. Hoy, despu\u00e9s de 50 a\u00f1os, actuaciones como el Monumento del Jueves Santo y el Corpus de la Octava, conocido como Corpus Chiquito, son en nuestra ciudad santos y se\u00f1as de nuestra parroquia.<\/p>\n\n\n\n<p class=\"has-vivid-cyan-blue-color has-text-color has-link-color wp-elements-2b73542660b980c06a0199766b87078f\">Terminamos con algo que, algunos llamar\u00e1n, <strong>\u00abcasualidades de la vida\u00bb:<\/strong> nuestra hermandad est\u00e1 empe\u00f1ada en que pronto se pueda ver en los altares y glorificada en la iglesia la carmelita descalza, Sierva de dios, Mar\u00eda Cristina, cuyo nombre religioso era de Jes\u00fas Sacramentado\u2026 Casualidades de la vida.<\/p>\n\n\n\n<p class=\"has-text-align-center has-vivid-cyan-blue-color has-text-color has-link-color wp-elements-2d99ebfaf2cfc0d1720345dcdd91c2f9\">\u00a1Sea por siempre bendito y alabado!<\/p>\n\n\n<style>.kb-image1393_aeba2c-bf .kb-image-has-overlay:after{opacity:0.3;}<\/style>\n<div class=\"wp-block-kadence-image kb-image1393_aeba2c-bf\"><figure class=\"aligncenter size-large\"><img loading=\"lazy\" decoding=\"async\" width=\"768\" height=\"1024\" src=\"https:\/\/misericordiadesanfernando.com\/wp-content\/uploads\/2025\/11\/custodia-768x1024.jpeg\" alt=\"\" class=\"kb-img wp-image-1800\" srcset=\"https:\/\/misericordiadesanfernando.com\/wp-content\/uploads\/2025\/11\/custodia-768x1024.jpeg 768w, https:\/\/misericordiadesanfernando.com\/wp-content\/uploads\/2025\/11\/custodia-225x300.jpeg 225w, https:\/\/misericordiadesanfernando.com\/wp-content\/uploads\/2025\/11\/custodia-1152x1536.jpeg 1152w, https:\/\/misericordiadesanfernando.com\/wp-content\/uploads\/2025\/11\/custodia.jpeg 1200w\" sizes=\"auto, (max-width: 768px) 100vw, 768px\" \/><\/figure><\/div>\n","protected":false},"excerpt":{"rendered":"<p>\u00a1ALABADO SEA JES\u00daS SACRAMENTADO! Los hermanos de Misericordia, en el a\u00f1o 2025, estuvimos de enhorabuena, al celebrar 50 a\u00f1os de unas cuantas efem\u00e9rides que vivimos los que tenemos la suerte&hellip;<\/p>\n","protected":false},"author":2,"featured_media":0,"parent":0,"menu_order":0,"comment_status":"closed","ping_status":"closed","template":"","meta":{"footnotes":""},"class_list":["post-1393","page","type-page","status-publish","hentry"],"_links":{"self":[{"href":"https:\/\/misericordiadesanfernando.com\/index.php\/wp-json\/wp\/v2\/pages\/1393","targetHints":{"allow":["GET"]}}],"collection":[{"href":"https:\/\/misericordiadesanfernando.com\/index.php\/wp-json\/wp\/v2\/pages"}],"about":[{"href":"https:\/\/misericordiadesanfernando.com\/index.php\/wp-json\/wp\/v2\/types\/page"}],"author":[{"embeddable":true,"href":"https:\/\/misericordiadesanfernando.com\/index.php\/wp-json\/wp\/v2\/users\/2"}],"replies":[{"embeddable":true,"href":"https:\/\/misericordiadesanfernando.com\/index.php\/wp-json\/wp\/v2\/comments?post=1393"}],"version-history":[{"count":2,"href":"https:\/\/misericordiadesanfernando.com\/index.php\/wp-json\/wp\/v2\/pages\/1393\/revisions"}],"predecessor-version":[{"id":1801,"href":"https:\/\/misericordiadesanfernando.com\/index.php\/wp-json\/wp\/v2\/pages\/1393\/revisions\/1801"}],"wp:attachment":[{"href":"https:\/\/misericordiadesanfernando.com\/index.php\/wp-json\/wp\/v2\/media?parent=1393"}],"curies":[{"name":"wp","href":"https:\/\/api.w.org\/{rel}","templated":true}]}}