{"id":137,"date":"2025-07-23T13:52:19","date_gmt":"2025-07-23T11:52:19","guid":{"rendered":"http:\/\/localhost\/misericordia\/?page_id=137"},"modified":"2026-01-14T11:28:03","modified_gmt":"2026-01-14T10:28:03","slug":"recorrido-y-horarios-2025","status":"publish","type":"page","link":"https:\/\/misericordiadesanfernando.com\/index.php\/recorrido-y-horarios-2025\/","title":{"rendered":""},"content":{"rendered":"\n<p><\/p>\n\n\n<style>.kb-image137_05335f-df .kb-image-has-overlay:after{opacity:0.3;}<\/style>\n<div class=\"wp-block-kadence-image kb-image137_05335f-df\"><figure class=\"aligncenter size-large\"><img loading=\"lazy\" decoding=\"async\" width=\"1024\" height=\"341\" src=\"https:\/\/misericordiadesanfernando.com\/wp-content\/uploads\/2025\/11\/recorridos-1024x341.jpeg\" alt=\"\" class=\"kb-img wp-image-1222\" srcset=\"https:\/\/misericordiadesanfernando.com\/wp-content\/uploads\/2025\/11\/recorridos-1024x341.jpeg 1024w, https:\/\/misericordiadesanfernando.com\/wp-content\/uploads\/2025\/11\/recorridos-300x100.jpeg 300w, https:\/\/misericordiadesanfernando.com\/wp-content\/uploads\/2025\/11\/recorridos-768x256.jpeg 768w, https:\/\/misericordiadesanfernando.com\/wp-content\/uploads\/2025\/11\/recorridos.jpeg 1500w\" sizes=\"auto, (max-width: 1024px) 100vw, 1024px\" \/><\/figure><\/div>\n\n\n\n<p class=\"has-text-align-center has-vivid-cyan-blue-color has-text-color has-link-color wp-elements-3e7050b405163d07c801723e6e68d9c8\"><strong>DATOS DE INTER\u00c9S DE LA SALIDA PROCESIONAL<\/strong><\/p>\n\n\n\n<p class=\"has-vivid-cyan-blue-color has-text-color has-link-color wp-elements-a709329e740b68bcdb1ac0d7a6e97d17\"><strong>Salida (Cruz de gu\u00eda): <\/strong>18.15<strong><\/strong><\/p>\n\n\n\n<p class=\"has-vivid-cyan-blue-color has-text-color has-link-color wp-elements-de701fab90994ce86dcc3789cd4220b0\"><strong>Salida (\u00daltimo paso): <\/strong>19.00<strong><\/strong><\/p>\n\n\n\n<p class=\"has-vivid-cyan-blue-color has-text-color has-link-color wp-elements-f2de071856f309a97617722ee7cceaf3\"><strong>Palquillo (Cruz de gu\u00eda): <\/strong>19.55<strong><\/strong><\/p>\n\n\n\n<p class=\"has-vivid-cyan-blue-color has-text-color has-link-color wp-elements-b22b1b7723311dd1c23840a88b2319fb\"><strong>Palquillo (\u00daltimo paso): <\/strong>20.35<strong><\/strong><\/p>\n\n\n\n<p class=\"has-vivid-cyan-blue-color has-text-color has-link-color wp-elements-ca4eeb7b421f3fb59aa3e12256488603\"><strong>Salida CO (Cruz de gu\u00eda): <\/strong>20.35<strong><\/strong><\/p>\n\n\n\n<p class=\"has-vivid-cyan-blue-color has-text-color has-link-color wp-elements-469056820d204a0b78fabb1b9ca00564\"><strong>Salida CO (\u00daltimo paso): <\/strong>21.20<strong><\/strong><\/p>\n\n\n\n<p class=\"has-vivid-cyan-blue-color has-text-color has-link-color wp-elements-cec625911f222bab8df8f33d23071bfa\"><strong>Entrada (Cruz de gu\u00eda): <\/strong>23.30<strong><\/strong><\/p>\n\n\n\n<p class=\"has-vivid-cyan-blue-color has-text-color has-link-color wp-elements-5ec4fcf79addd595bb5eabccc9a5c3d7\"><strong>Entrada (\u00daltimo paso): <\/strong>00.30<\/p>\n\n\n\n<p class=\"has-vivid-cyan-blue-color has-text-color has-link-color wp-elements-f096c9198d5eb43ca3994f579247ba88\"><strong>ITINERARIO DE LA HERMANDAD \u2013 JUEVES SANTO A\u00d1O 2026<\/strong><\/p>\n\n\n\n<p class=\"has-vivid-cyan-blue-color has-text-color has-link-color wp-elements-96e1e030ffdcbddfbf84cd3861487fd7\"><strong>RECORRIDO: <\/strong>PLAZA DE LA DIVINA PASTORA \u2013 SANTA ROSAL\u00cdA \u2013 DANIEL GONZ\u00c1LEZ \u2013 SANTO DOMINGO \u2013 MARIANA PINEDA \u2013 MANUEL ROLD\u00c1N \u2013 COL\u00d3N \u2013 ROSARIO \u2013 PLAZA IGLESIA \u2013 REAL \u2013 CARRERA OFICIAL \u2013 ISAAC PERAL \u2013 CALDER\u00d3N DE LA BARCA \u2013 CAYETANO DEL TORO \u2013 GENERAL SERRANO \u2013 LAS CORTES \u2013 GENERAL GARC\u00cdA DE LA HERR\u00c1N \u2013 ROSARIO \u2013 COL\u00d3N \u2013 SAN RAFAEL \u2013 ANCHA \u2013 MARIANA PINEDA \u2013 ESCULTOR ALFONSO BERRAQUERO \u2013 MARCONI \u2013 SANTA ROSAL\u00cdA \u2013 PLAZA DE LA DIVINA PASTORA.<\/p>\n\n\n\n<p class=\"has-vivid-cyan-blue-color has-text-color has-link-color wp-elements-a9ab413bbbcfeefeab57634ace2e64a8\"><strong>ESTUDIO EN METROS Y MINUTOS DE CADA RECORRIDO<\/strong><\/p>\n\n\n\n<p class=\"has-vivid-cyan-blue-color has-text-color has-link-color wp-elements-09f9053f8a99420cb6867ccbe48a9960\"><strong>Recorrido: <\/strong>2.170 metros<\/p>\n\n\n\n<p class=\"has-vivid-cyan-blue-color has-text-color has-link-color wp-elements-04c5928b32d2a80003fcea3ec18077ff\"><strong>Tiempo total en la calle:<\/strong> 6 horas y 15 minutos.<\/p>\n\n\n\n<p class=\"has-vivid-cyan-blue-color has-text-color has-link-color wp-elements-ded3d5b72850105508730cea4a91b67b\"><strong>Lugares recomendados<\/strong><\/p>\n\n\n\n<p class=\"has-vivid-cyan-blue-color has-text-color has-link-color wp-elements-45cfe41d0735b54c90afcb597e22a5a0\">Cualquier lugar es recomendado para ver el paso de la cofrad\u00eda, pero si bien podemos destacar, la salida y la entrada de la misma, la bajada de la calle General Serrano, la recuperaci\u00f3n de la calle Ancha y el regreso por el barrio.<\/p>\n\n\n\n<p class=\"has-vivid-cyan-blue-color has-text-color has-link-color wp-elements-eac4e2ba47eab688794eff06c1c5ae37\"><strong>Jefe de Procesi\u00f3n<\/strong><\/p>\n\n\n\n<p class=\"has-vivid-cyan-blue-color has-text-color has-link-color wp-elements-41c0cd375d19cf2553ebb4fe16a5fe0e\">Jes\u00fas Benjumeda Ja\u00e9n<\/p>\n\n\n\n<p class=\"has-vivid-cyan-blue-color has-text-color has-link-color wp-elements-eb89b8f18c4c44a63464563e258c2dcf\"><strong>Acompa\u00f1amiento Musical<\/strong><\/p>\n\n\n\n<p class=\"has-vivid-cyan-blue-color has-text-color has-link-color wp-elements-67ed0a9d5d2be40eeed20bab83ad1a76\"><strong>Banda de Cornetas y Tambores \u201cRosario y Victoria\u201d de Brenes (Sevilla)<\/strong>, en el paso del Se\u00f1or de la Misericordia.<\/p>\n\n\n\n<p class=\"has-vivid-cyan-blue-color has-text-color has-link-color wp-elements-9ef0728796e212b94f96024dec072f15\"><strong>Banda de M\u00fasica \u201cAgripino Lozano\u201d \u2013 Cruz Roja de nuestra ciudad<\/strong>, en el paso de palio de Mar\u00eda Sant\u00edsima de la Piedad.<\/p>\n\n\n\n<p class=\"has-vivid-cyan-blue-color has-text-color has-link-color wp-elements-8dfb928e14711ae5a3ada1d61d6d2d93\"><strong>Cargadores<\/strong><\/p>\n\n\n\n<p class=\"has-vivid-cyan-blue-color has-text-color has-link-color wp-elements-d2676fddf286a7a082e5af531637ae74\">Dos cuadrillas pertenecientes a la Asociaci\u00f3n de los J\u00f3venes Cargadores Cofrades \u2013 JCC.<\/p>\n\n\n\n<p class=\"has-vivid-cyan-blue-color has-text-color has-link-color wp-elements-7c529e39ef2f2a5aa0f550b75fcdde70\"><strong>Capataces<\/strong><\/p>\n\n\n\n<p class=\"has-vivid-cyan-blue-color has-text-color has-link-color wp-elements-6da9386397c9dfd6b467680b515d79d7\">Juan Manuel Reseco Col\u00f3n y Juan Antonio Solano Barco en el paso del Se\u00f1or de la Misericordia.<\/p>\n\n\n\n<p class=\"has-vivid-cyan-blue-color has-text-color has-link-color wp-elements-af1a08463c4e7d5ebf7febc0fb578c6c\">Jos\u00e9 Miguel Vel\u00e1zquez N\u00fa\u00f1ez y Manuel Collantes Galea en el paso de palio de Mar\u00eda Sant\u00edsima de la Piedad.<\/p>\n\n\n\n<p class=\"has-vivid-cyan-blue-color has-text-color has-link-color wp-elements-66bd9b3ee61ef6737135469edb1ff6b2\"><strong>Exorno floral<\/strong><\/p>\n\n\n\n<p class=\"has-vivid-cyan-blue-color has-text-color has-link-color wp-elements-72565b063e74e57096fd23be8b073709\">Mezcla de flores rojos para el paso del Se\u00f1or de la Misericordia y flores con tonalidades blancas para el paso de palio de Mar\u00eda Sant\u00edsima de la Piedad.<\/p>\n\n\n\n<p class=\"has-vivid-cyan-blue-color has-text-color has-link-color wp-elements-0105887d78f4a978cb8fa32730c3c970\"><strong>Estrenos<\/strong><\/p>\n\n\n\n<p class=\"has-vivid-cyan-blue-color has-text-color has-link-color wp-elements-d3a058bf419252a28a6924af03c16854\">La Junta de Gobierno continua con la restauraci\u00f3n y plateado de diferentes piezas de orfebrer\u00eda del cortejo, as\u00ed como adquiriendo piezas destinadas al culto interno de la Hermandad.<\/p>\n\n\n\n<p class=\"has-text-align-left has-vivid-cyan-blue-color has-text-color has-link-color wp-elements-be2ef8a9fbe9f299a08da741009d24a1\">As\u00ed mismo, la Junta de Gobierno sigue trabajando en el ambicioso proyecto del nuevo altar para Mar\u00eda Sant\u00edsima de la Piedad, el cual ser\u00e1 estrenado en su primera fase -carpinter\u00eda y talla-, una vez finalice la Semana Santa.<\/p>\n\n\n\n<p class=\"has-text-align-left has-vivid-cyan-blue-color has-text-color has-link-color wp-elements-3fa5a7f5f21f6aeebb2a5f6ff81669ed\"><\/p>\n\n\n\n<p><\/p>\n","protected":false},"excerpt":{"rendered":"<p>DATOS DE INTER\u00c9S DE LA SALIDA PROCESIONAL Salida (Cruz de gu\u00eda): 18.15 Salida (\u00daltimo paso): 19.00 Palquillo (Cruz de gu\u00eda): 19.55 Palquillo (\u00daltimo paso): 20.35 Salida CO (Cruz de gu\u00eda):&hellip;<\/p>\n","protected":false},"author":2,"featured_media":0,"parent":0,"menu_order":0,"comment_status":"closed","ping_status":"closed","template":"","meta":{"footnotes":""},"class_list":["post-137","page","type-page","status-publish","hentry"],"_links":{"self":[{"href":"https:\/\/misericordiadesanfernando.com\/index.php\/wp-json\/wp\/v2\/pages\/137","targetHints":{"allow":["GET"]}}],"collection":[{"href":"https:\/\/misericordiadesanfernando.com\/index.php\/wp-json\/wp\/v2\/pages"}],"about":[{"href":"https:\/\/misericordiadesanfernando.com\/index.php\/wp-json\/wp\/v2\/types\/page"}],"author":[{"embeddable":true,"href":"https:\/\/misericordiadesanfernando.com\/index.php\/wp-json\/wp\/v2\/users\/2"}],"replies":[{"embeddable":true,"href":"https:\/\/misericordiadesanfernando.com\/index.php\/wp-json\/wp\/v2\/comments?post=137"}],"version-history":[{"count":4,"href":"https:\/\/misericordiadesanfernando.com\/index.php\/wp-json\/wp\/v2\/pages\/137\/revisions"}],"predecessor-version":[{"id":3013,"href":"https:\/\/misericordiadesanfernando.com\/index.php\/wp-json\/wp\/v2\/pages\/137\/revisions\/3013"}],"wp:attachment":[{"href":"https:\/\/misericordiadesanfernando.com\/index.php\/wp-json\/wp\/v2\/media?parent=137"}],"curies":[{"name":"wp","href":"https:\/\/api.w.org\/{rel}","templated":true}]}}