{"id":1251,"date":"2025-11-15T17:03:51","date_gmt":"2025-11-15T16:03:51","guid":{"rendered":"https:\/\/misericordiadesanfernando.com\/?page_id=1251"},"modified":"2025-11-15T17:08:36","modified_gmt":"2025-11-15T16:08:36","slug":"1251-2","status":"publish","type":"page","link":"https:\/\/misericordiadesanfernando.com\/index.php\/1251-2\/","title":{"rendered":""},"content":{"rendered":"\n<p><\/p>\n\n\n<style>.kb-image1251_82f6f2-fc .kb-image-has-overlay:after{opacity:0.3;}<\/style>\n<div class=\"wp-block-kadence-image kb-image1251_82f6f2-fc\"><figure class=\"aligncenter size-large\"><img loading=\"lazy\" decoding=\"async\" width=\"1024\" height=\"341\" src=\"https:\/\/misericordiadesanfernando.com\/wp-content\/uploads\/2025\/11\/panos-1024x341.jpeg\" alt=\"\" class=\"kb-img wp-image-1252\" srcset=\"https:\/\/misericordiadesanfernando.com\/wp-content\/uploads\/2025\/11\/panos-1024x341.jpeg 1024w, https:\/\/misericordiadesanfernando.com\/wp-content\/uploads\/2025\/11\/panos-300x100.jpeg 300w, https:\/\/misericordiadesanfernando.com\/wp-content\/uploads\/2025\/11\/panos-768x256.jpeg 768w, https:\/\/misericordiadesanfernando.com\/wp-content\/uploads\/2025\/11\/panos.jpeg 1500w\" sizes=\"auto, (max-width: 1024px) 100vw, 1024px\" \/><\/figure><\/div>\n\n\n\n<p class=\"has-text-align-center has-vivid-cyan-blue-color has-text-color has-link-color wp-elements-c59a41b366c2c4ebe4b7b4e15328c2cd\"><strong>Los Pa\u00f1os de la Santa Mujer Ver\u00f3nica<\/strong><\/p>\n\n\n\n<p class=\"has-vivid-cyan-blue-color has-text-color has-link-color wp-elements-6b49011f41f25c0444d7fbef37631b85\">En este apartado se exponen los diversos <strong>pa\u00f1os que porta la Santa Mujer Ver\u00f3nica<\/strong>, piezas \u00fanicas que, a lo largo de los a\u00f1os, han enriquecido el patrimonio iconogr\u00e1fico de la Hermandad. Cada pa\u00f1o, cuidadosamente elaborado, recoge la tradici\u00f3n de representar el Santo Rostro de Cristo con t\u00e9cnicas que abarcan desde el bordado y la pintura textil hasta intervenciones contempor\u00e1neas aportadas por artistas devocionales.<br>Estas obras, concebidas para acompa\u00f1ar a la Ver\u00f3nica en culto y procesi\u00f3n, destacan por su profundo simbolismo y por la expresividad con la que transmiten el instante sagrado en el que el rostro del Se\u00f1or qued\u00f3 milagrosamente impreso en la tela.<\/p>\n\n\n\n<figure class=\"wp-block-embed aligncenter is-type-video is-provider-youtube wp-block-embed-youtube wp-embed-aspect-16-9 wp-has-aspect-ratio\"><div class=\"wp-block-embed__wrapper\">\n<iframe loading=\"lazy\" title=\"EL PA\u00d1O DE LA VER\u00d3NICA SEG\u00daN CARMEN S\u00c1NCHEZ | Semana Santa 2025\" width=\"900\" height=\"506\" src=\"https:\/\/www.youtube.com\/embed\/5tF9lOr_V-4?feature=oembed\" frameborder=\"0\" allow=\"accelerometer; autoplay; clipboard-write; encrypted-media; gyroscope; picture-in-picture; web-share\" referrerpolicy=\"strict-origin-when-cross-origin\" allowfullscreen><\/iframe>\n<\/div><\/figure>\n\n\n\n<div class=\"wp-block-envira-envira-gallery\"><div id=\"envira-gallery-wrap-1285\" class=\"envira-gallery-wrap envira-gallery-theme-base envira-lightbox-theme-base\" itemscope itemtype=\"https:\/\/schema.org\/ImageGallery\"><div data-row-height=\"250\" data-gallery-theme=\"normal\" id=\"envira-gallery-1285\" class=\"envira-gallery-public envira-gallery-justified-public envira-gallery-0-columns envira-clear enviratope envira-gallery-css-animations\" data-envira-columns=\"0\"><div id=\"envira-gallery-item-1280\" class=\"envira-gallery-item enviratope-item envira-gallery-item-1 envira-lazy-load\" style=\"padding-left: 1px; padding-bottom: 1px; padding-right: 1px;\"  itemscope itemtype=\"https:\/\/schema.org\/ImageObject\"><div class=\"envira-gallery-item-inner\"><div class=\"envira-gallery-position-overlay  envira-gallery-top-left\"><\/div><div class=\"envira-gallery-position-overlay  envira-gallery-top-right\"><\/div><div class=\"envira-gallery-position-overlay  envira-gallery-bottom-left\"><\/div><div class=\"envira-gallery-position-overlay  envira-gallery-bottom-right\"><\/div><a href=\"https:\/\/misericordiadesanfernando.com\/wp-content\/uploads\/2025\/11\/PANO-VERONICA-1.jpg\" class=\"envira-gallery-1285 envira-gallery-link\" rel=\"enviragallery1285\" title=\"PA&Ntilde;O VERONICA &amp;amp;#8211; 1\" data-envira-caption=\"PA&Ntilde;O VERONICA &amp;amp;#8211; 1\" data-envira-retina=\"\" data-thumbnail=\"\"  itemprop=\"contentUrl\"><img decoding=\"async\" id=\"envira-gallery-image-1280\" class=\"envira-gallery-image envira-gallery-image-1 envira-normal envira-lazy\" data-envira-index=\"1\" src=\"https:\/\/misericordiadesanfernando.com\/wp-content\/uploads\/2025\/11\/PANO-VERONICA-1-1024x768-640x480.jpg\" data-envira-src=\"https:\/\/misericordiadesanfernando.com\/wp-content\/uploads\/2025\/11\/PANO-VERONICA-1-1024x768-640x480.jpg\" data-envira-gallery-id=\"1285\" data-envira-item-id=\"1280\" data-envira-caption=\"PA&Ntilde;O VERONICA &amp;amp;#8211; 1\" alt=\"\" title=\"PA\u00d1O VERONICA &amp;#8211; 1\"  itemprop=\"thumbnailUrl\" data-envira-srcset=\"https:\/\/misericordiadesanfernando.com\/wp-content\/uploads\/2025\/11\/PANO-VERONICA-1-1024x768-640x480.jpg 400w,https:\/\/misericordiadesanfernando.com\/wp-content\/uploads\/2025\/11\/PANO-VERONICA-1-1024x768-640x480.jpg 2x\" data-envira-width=\"300\" data-envira-height=\"225\" srcset=\"data:image\/gif;base64,R0lGODlhAQABAIAAAP\/\/\/\/\/\/\/yH5BAEKAAEALAAAAAABAAEAAAICTAEAOw==\" data-safe-src=\"data:image\/gif;base64,R0lGODlhAQABAIAAAP\/\/\/\/\/\/\/yH5BAEKAAEALAAAAAABAAEAAAICTAEAOw==\" \/><\/a><\/div><\/div><div id=\"envira-gallery-item-1279\" class=\"envira-gallery-item enviratope-item envira-gallery-item-2 envira-lazy-load\" style=\"padding-left: 1px; padding-bottom: 1px; padding-right: 1px;\"  itemscope itemtype=\"https:\/\/schema.org\/ImageObject\"><div class=\"envira-gallery-item-inner\"><div class=\"envira-gallery-position-overlay  envira-gallery-top-left\"><\/div><div class=\"envira-gallery-position-overlay  envira-gallery-top-right\"><\/div><div class=\"envira-gallery-position-overlay  envira-gallery-bottom-left\"><\/div><div class=\"envira-gallery-position-overlay  envira-gallery-bottom-right\"><\/div><a href=\"https:\/\/misericordiadesanfernando.com\/wp-content\/uploads\/2025\/11\/PANO-VERONICA-2.jpg\" class=\"envira-gallery-1285 envira-gallery-link\" rel=\"enviragallery1285\" title=\"PA&Ntilde;O VERONICA &amp;amp;#8211; 2\" data-envira-caption=\"PA&Ntilde;O VERONICA &amp;amp;#8211; 2\" data-envira-retina=\"\" data-thumbnail=\"\"  itemprop=\"contentUrl\"><img decoding=\"async\" id=\"envira-gallery-image-1279\" class=\"envira-gallery-image envira-gallery-image-2 envira-normal envira-lazy\" data-envira-index=\"2\" src=\"https:\/\/misericordiadesanfernando.com\/wp-content\/uploads\/2025\/11\/PANO-VERONICA-2-754x1024-640x480.jpg\" data-envira-src=\"https:\/\/misericordiadesanfernando.com\/wp-content\/uploads\/2025\/11\/PANO-VERONICA-2-754x1024-640x480.jpg\" data-envira-gallery-id=\"1285\" data-envira-item-id=\"1279\" data-envira-caption=\"PA&Ntilde;O VERONICA &amp;amp;#8211; 2\" alt=\"\" title=\"PA\u00d1O VERONICA &amp;#8211; 2\"  itemprop=\"thumbnailUrl\" data-envira-srcset=\"https:\/\/misericordiadesanfernando.com\/wp-content\/uploads\/2025\/11\/PANO-VERONICA-2-754x1024-640x480.jpg 400w,https:\/\/misericordiadesanfernando.com\/wp-content\/uploads\/2025\/11\/PANO-VERONICA-2-754x1024-640x480.jpg 2x\" data-envira-width=\"221\" data-envira-height=\"300\" srcset=\"data:image\/gif;base64,R0lGODlhAQABAIAAAP\/\/\/\/\/\/\/yH5BAEKAAEALAAAAAABAAEAAAICTAEAOw==\" data-safe-src=\"data:image\/gif;base64,R0lGODlhAQABAIAAAP\/\/\/\/\/\/\/yH5BAEKAAEALAAAAAABAAEAAAICTAEAOw==\" \/><\/a><\/div><\/div><div id=\"envira-gallery-item-1282\" class=\"envira-gallery-item enviratope-item envira-gallery-item-3 envira-lazy-load\" style=\"padding-left: 1px; padding-bottom: 1px; padding-right: 1px;\"  itemscope itemtype=\"https:\/\/schema.org\/ImageObject\"><div class=\"envira-gallery-item-inner\"><div class=\"envira-gallery-position-overlay  envira-gallery-top-left\"><\/div><div class=\"envira-gallery-position-overlay  envira-gallery-top-right\"><\/div><div class=\"envira-gallery-position-overlay  envira-gallery-bottom-left\"><\/div><div class=\"envira-gallery-position-overlay  envira-gallery-bottom-right\"><\/div><a href=\"https:\/\/misericordiadesanfernando.com\/wp-content\/uploads\/2025\/11\/PANO-VERONICA-3.jpg\" class=\"envira-gallery-1285 envira-gallery-link\" rel=\"enviragallery1285\" title=\"PA&Ntilde;O VERONICA &amp;amp;#8211; 3\" data-envira-caption=\"PA&Ntilde;O VERONICA &amp;amp;#8211; 3\" data-envira-retina=\"\" data-thumbnail=\"\"  itemprop=\"contentUrl\"><img decoding=\"async\" id=\"envira-gallery-image-1282\" class=\"envira-gallery-image envira-gallery-image-3 envira-normal envira-lazy\" data-envira-index=\"3\" src=\"https:\/\/misericordiadesanfernando.com\/wp-content\/uploads\/2025\/11\/PANO-VERONICA-3-1024x768-640x480.jpg\" data-envira-src=\"https:\/\/misericordiadesanfernando.com\/wp-content\/uploads\/2025\/11\/PANO-VERONICA-3-1024x768-640x480.jpg\" data-envira-gallery-id=\"1285\" data-envira-item-id=\"1282\" data-envira-caption=\"PA&Ntilde;O VERONICA &amp;amp;#8211; 3\" alt=\"\" title=\"PA\u00d1O VERONICA &amp;#8211; 3\"  itemprop=\"thumbnailUrl\" data-envira-srcset=\"https:\/\/misericordiadesanfernando.com\/wp-content\/uploads\/2025\/11\/PANO-VERONICA-3-1024x768-640x480.jpg 400w,https:\/\/misericordiadesanfernando.com\/wp-content\/uploads\/2025\/11\/PANO-VERONICA-3-1024x768-640x480.jpg 2x\" data-envira-width=\"300\" data-envira-height=\"225\" srcset=\"data:image\/gif;base64,R0lGODlhAQABAIAAAP\/\/\/\/\/\/\/yH5BAEKAAEALAAAAAABAAEAAAICTAEAOw==\" data-safe-src=\"data:image\/gif;base64,R0lGODlhAQABAIAAAP\/\/\/\/\/\/\/yH5BAEKAAEALAAAAAABAAEAAAICTAEAOw==\" \/><\/a><\/div><\/div><div id=\"envira-gallery-item-1281\" class=\"envira-gallery-item enviratope-item envira-gallery-item-4 envira-lazy-load\" style=\"padding-left: 1px; padding-bottom: 1px; padding-right: 1px;\"  itemscope itemtype=\"https:\/\/schema.org\/ImageObject\"><div class=\"envira-gallery-item-inner\"><div class=\"envira-gallery-position-overlay  envira-gallery-top-left\"><\/div><div class=\"envira-gallery-position-overlay  envira-gallery-top-right\"><\/div><div class=\"envira-gallery-position-overlay  envira-gallery-bottom-left\"><\/div><div class=\"envira-gallery-position-overlay  envira-gallery-bottom-right\"><\/div><a href=\"https:\/\/misericordiadesanfernando.com\/wp-content\/uploads\/2025\/11\/PANO-VERONICA-4.jpg\" class=\"envira-gallery-1285 envira-gallery-link\" rel=\"enviragallery1285\" title=\"PA&Ntilde;O VERONICA &amp;amp;#8211; 4\" data-envira-caption=\"PA&Ntilde;O VERONICA &amp;amp;#8211; 4\" data-envira-retina=\"\" data-thumbnail=\"\"  itemprop=\"contentUrl\"><img decoding=\"async\" id=\"envira-gallery-image-1281\" class=\"envira-gallery-image envira-gallery-image-4 envira-normal envira-lazy\" data-envira-index=\"4\" src=\"https:\/\/misericordiadesanfernando.com\/wp-content\/uploads\/2025\/11\/PANO-VERONICA-4-640x480.jpg\" data-envira-src=\"https:\/\/misericordiadesanfernando.com\/wp-content\/uploads\/2025\/11\/PANO-VERONICA-4-640x480.jpg\" data-envira-gallery-id=\"1285\" data-envira-item-id=\"1281\" data-envira-caption=\"PA&Ntilde;O VERONICA &amp;amp;#8211; 4\" alt=\"\" title=\"PA\u00d1O VERONICA &amp;#8211; 4\"  itemprop=\"thumbnailUrl\" data-envira-srcset=\"https:\/\/misericordiadesanfernando.com\/wp-content\/uploads\/2025\/11\/PANO-VERONICA-4-640x480.jpg 400w,https:\/\/misericordiadesanfernando.com\/wp-content\/uploads\/2025\/11\/PANO-VERONICA-4-640x480.jpg 2x\" data-envira-width=\"300\" data-envira-height=\"225\" srcset=\"data:image\/gif;base64,R0lGODlhAQABAIAAAP\/\/\/\/\/\/\/yH5BAEKAAEALAAAAAABAAEAAAICTAEAOw==\" data-safe-src=\"data:image\/gif;base64,R0lGODlhAQABAIAAAP\/\/\/\/\/\/\/yH5BAEKAAEALAAAAAABAAEAAAICTAEAOw==\" \/><\/a><\/div><\/div><div id=\"envira-gallery-item-1283\" class=\"envira-gallery-item enviratope-item envira-gallery-item-5 envira-lazy-load\" style=\"padding-left: 1px; padding-bottom: 1px; padding-right: 1px;\"  itemscope itemtype=\"https:\/\/schema.org\/ImageObject\"><div class=\"envira-gallery-item-inner\"><div class=\"envira-gallery-position-overlay  envira-gallery-top-left\"><\/div><div class=\"envira-gallery-position-overlay  envira-gallery-top-right\"><\/div><div class=\"envira-gallery-position-overlay  envira-gallery-bottom-left\"><\/div><div class=\"envira-gallery-position-overlay  envira-gallery-bottom-right\"><\/div><a href=\"https:\/\/misericordiadesanfernando.com\/wp-content\/uploads\/2025\/11\/PANO-VERONICA-5.jpg\" class=\"envira-gallery-1285 envira-gallery-link\" rel=\"enviragallery1285\" title=\"PA&Ntilde;O VERONICA &amp;amp;#8211; 5\" data-envira-caption=\"PA&Ntilde;O VERONICA &amp;amp;#8211; 5\" data-envira-retina=\"\" data-thumbnail=\"\"  itemprop=\"contentUrl\"><img decoding=\"async\" id=\"envira-gallery-image-1283\" class=\"envira-gallery-image envira-gallery-image-5 envira-normal envira-lazy\" data-envira-index=\"5\" src=\"https:\/\/misericordiadesanfernando.com\/wp-content\/uploads\/2025\/11\/PANO-VERONICA-5-1024x768-640x480.jpg\" data-envira-src=\"https:\/\/misericordiadesanfernando.com\/wp-content\/uploads\/2025\/11\/PANO-VERONICA-5-1024x768-640x480.jpg\" data-envira-gallery-id=\"1285\" data-envira-item-id=\"1283\" data-envira-caption=\"PA&Ntilde;O VERONICA &amp;amp;#8211; 5\" alt=\"\" title=\"PA\u00d1O VERONICA &amp;#8211; 5\"  itemprop=\"thumbnailUrl\" data-envira-srcset=\"https:\/\/misericordiadesanfernando.com\/wp-content\/uploads\/2025\/11\/PANO-VERONICA-5-1024x768-640x480.jpg 400w,https:\/\/misericordiadesanfernando.com\/wp-content\/uploads\/2025\/11\/PANO-VERONICA-5-1024x768-640x480.jpg 2x\" data-envira-width=\"300\" data-envira-height=\"225\" srcset=\"data:image\/gif;base64,R0lGODlhAQABAIAAAP\/\/\/\/\/\/\/yH5BAEKAAEALAAAAAABAAEAAAICTAEAOw==\" data-safe-src=\"data:image\/gif;base64,R0lGODlhAQABAIAAAP\/\/\/\/\/\/\/yH5BAEKAAEALAAAAAABAAEAAAICTAEAOw==\" \/><\/a><\/div><\/div><div id=\"envira-gallery-item-1284\" class=\"envira-gallery-item enviratope-item envira-gallery-item-6 envira-lazy-load\" style=\"padding-left: 1px; padding-bottom: 1px; padding-right: 1px;\"  itemscope itemtype=\"https:\/\/schema.org\/ImageObject\"><div class=\"envira-gallery-item-inner\"><div class=\"envira-gallery-position-overlay  envira-gallery-top-left\"><\/div><div class=\"envira-gallery-position-overlay  envira-gallery-top-right\"><\/div><div class=\"envira-gallery-position-overlay  envira-gallery-bottom-left\"><\/div><div class=\"envira-gallery-position-overlay  envira-gallery-bottom-right\"><\/div><a href=\"https:\/\/misericordiadesanfernando.com\/wp-content\/uploads\/2025\/11\/PANO-VERONICA-6.jpg\" class=\"envira-gallery-1285 envira-gallery-link\" rel=\"enviragallery1285\" title=\"PA&Ntilde;O VERONICA &amp;amp;#8211; 6\" data-envira-caption=\"PA&Ntilde;O VERONICA &amp;amp;#8211; 6\" data-envira-retina=\"\" data-thumbnail=\"\"  itemprop=\"contentUrl\"><img decoding=\"async\" id=\"envira-gallery-image-1284\" class=\"envira-gallery-image envira-gallery-image-6 envira-normal envira-lazy\" data-envira-index=\"6\" src=\"https:\/\/misericordiadesanfernando.com\/wp-content\/uploads\/2025\/11\/PANO-VERONICA-6-681x1024-640x480.jpg\" data-envira-src=\"https:\/\/misericordiadesanfernando.com\/wp-content\/uploads\/2025\/11\/PANO-VERONICA-6-681x1024-640x480.jpg\" data-envira-gallery-id=\"1285\" data-envira-item-id=\"1284\" data-envira-caption=\"PA&Ntilde;O VERONICA &amp;amp;#8211; 6\" alt=\"\" title=\"PA\u00d1O VERONICA &amp;#8211; 6\"  itemprop=\"thumbnailUrl\" data-envira-srcset=\"https:\/\/misericordiadesanfernando.com\/wp-content\/uploads\/2025\/11\/PANO-VERONICA-6-681x1024-640x480.jpg 400w,https:\/\/misericordiadesanfernando.com\/wp-content\/uploads\/2025\/11\/PANO-VERONICA-6-681x1024-640x480.jpg 2x\" data-envira-width=\"199\" data-envira-height=\"300\" srcset=\"data:image\/gif;base64,R0lGODlhAQABAIAAAP\/\/\/\/\/\/\/yH5BAEKAAEALAAAAAABAAEAAAICTAEAOw==\" data-safe-src=\"data:image\/gif;base64,R0lGODlhAQABAIAAAP\/\/\/\/\/\/\/yH5BAEKAAEALAAAAAABAAEAAAICTAEAOw==\" \/><\/a><\/div><\/div><\/div><\/div><noscript><img decoding=\"async\" src=\"https:\/\/misericordiadesanfernando.com\/wp-content\/uploads\/2025\/11\/PANO-VERONICA-1.jpg\" alt=\"\" \/><img decoding=\"async\" src=\"https:\/\/misericordiadesanfernando.com\/wp-content\/uploads\/2025\/11\/PANO-VERONICA-2.jpg\" alt=\"\" \/><img decoding=\"async\" src=\"https:\/\/misericordiadesanfernando.com\/wp-content\/uploads\/2025\/11\/PANO-VERONICA-3.jpg\" alt=\"\" \/><img decoding=\"async\" src=\"https:\/\/misericordiadesanfernando.com\/wp-content\/uploads\/2025\/11\/PANO-VERONICA-4.jpg\" alt=\"\" \/><img decoding=\"async\" src=\"https:\/\/misericordiadesanfernando.com\/wp-content\/uploads\/2025\/11\/PANO-VERONICA-5.jpg\" alt=\"\" \/><img decoding=\"async\" src=\"https:\/\/misericordiadesanfernando.com\/wp-content\/uploads\/2025\/11\/PANO-VERONICA-6.jpg\" alt=\"\" \/><\/noscript><\/div>\n","protected":false},"excerpt":{"rendered":"<p>Los Pa\u00f1os de la Santa Mujer Ver\u00f3nica En este apartado se exponen los diversos pa\u00f1os que porta la Santa Mujer Ver\u00f3nica, piezas \u00fanicas que, a lo largo de los a\u00f1os,&hellip;<\/p>\n","protected":false},"author":2,"featured_media":0,"parent":0,"menu_order":0,"comment_status":"closed","ping_status":"closed","template":"","meta":{"footnotes":""},"class_list":["post-1251","page","type-page","status-publish","hentry"],"_links":{"self":[{"href":"https:\/\/misericordiadesanfernando.com\/index.php\/wp-json\/wp\/v2\/pages\/1251","targetHints":{"allow":["GET"]}}],"collection":[{"href":"https:\/\/misericordiadesanfernando.com\/index.php\/wp-json\/wp\/v2\/pages"}],"about":[{"href":"https:\/\/misericordiadesanfernando.com\/index.php\/wp-json\/wp\/v2\/types\/page"}],"author":[{"embeddable":true,"href":"https:\/\/misericordiadesanfernando.com\/index.php\/wp-json\/wp\/v2\/users\/2"}],"replies":[{"embeddable":true,"href":"https:\/\/misericordiadesanfernando.com\/index.php\/wp-json\/wp\/v2\/comments?post=1251"}],"version-history":[{"count":2,"href":"https:\/\/misericordiadesanfernando.com\/index.php\/wp-json\/wp\/v2\/pages\/1251\/revisions"}],"predecessor-version":[{"id":1286,"href":"https:\/\/misericordiadesanfernando.com\/index.php\/wp-json\/wp\/v2\/pages\/1251\/revisions\/1286"}],"wp:attachment":[{"href":"https:\/\/misericordiadesanfernando.com\/index.php\/wp-json\/wp\/v2\/media?parent=1251"}],"curies":[{"name":"wp","href":"https:\/\/api.w.org\/{rel}","templated":true}]}}