{"id":1238,"date":"2025-11-15T11:28:47","date_gmt":"2025-11-15T10:28:47","guid":{"rendered":"https:\/\/misericordiadesanfernando.com\/?page_id=1238"},"modified":"2025-11-17T19:48:22","modified_gmt":"2025-11-17T18:48:22","slug":"1238-2","status":"publish","type":"page","link":"https:\/\/misericordiadesanfernando.com\/index.php\/1238-2\/","title":{"rendered":""},"content":{"rendered":"\n<p><\/p>\n\n\n<style>.kb-image1238_021a5e-f0 .kb-image-has-overlay:after{opacity:0.3;}<\/style>\n<div class=\"wp-block-kadence-image kb-image1238_021a5e-f0\"><figure class=\"aligncenter size-large\"><img loading=\"lazy\" decoding=\"async\" width=\"1024\" height=\"341\" src=\"https:\/\/misericordiadesanfernando.com\/wp-content\/uploads\/2025\/11\/cultos-yliturgia-1024x341.jpeg\" alt=\"\" class=\"kb-img wp-image-1239\" srcset=\"https:\/\/misericordiadesanfernando.com\/wp-content\/uploads\/2025\/11\/cultos-yliturgia-1024x341.jpeg 1024w, https:\/\/misericordiadesanfernando.com\/wp-content\/uploads\/2025\/11\/cultos-yliturgia-300x100.jpeg 300w, https:\/\/misericordiadesanfernando.com\/wp-content\/uploads\/2025\/11\/cultos-yliturgia-768x256.jpeg 768w, https:\/\/misericordiadesanfernando.com\/wp-content\/uploads\/2025\/11\/cultos-yliturgia.jpeg 1500w\" sizes=\"auto, (max-width: 1024px) 100vw, 1024px\" \/><\/figure><\/div>\n\n\n\n<p><\/p>\n\n\n\n<p class=\"has-vivid-cyan-blue-color has-text-color has-link-color wp-elements-3dcd10d9020b0d497193a028dbf54880\"><strong>MES DE ENERO<br>D\u00eda 2 \u00f3 9<\/strong> \u2013 CULTOS PRIMER VIERNES DE MES.<br><em>Hora de celebraci\u00f3n: 18:30 horas.<\/em><\/p>\n\n\n\n<p class=\"has-vivid-cyan-blue-color has-text-color has-link-color wp-elements-038bdc35a6053313a646dcdc07f65589\"><strong>D\u00eda 25<\/strong> \u2013 EUCARIST\u00cdA CONMEMORACI\u00d3N 40 A\u00d1OS DE LA ARMADA COMO HERMANA DE HONOR.<br><em>Hora de celebraci\u00f3n: 12:30 horas.<\/em><\/p>\n\n\n\n<p class=\"has-vivid-cyan-blue-color has-text-color has-link-color wp-elements-00cbd777ae5444c690fbfb46d1daad7a\"><strong>MES DE FEBRERO<\/strong><br><strong>D\u00eda 1<\/strong> \u2013CELEBRACI\u00d3N DE LA FESTIVIDAD DE LA CANDELARIA (presentaci\u00f3n de los ni\u00f1os a la Virgen de la Piedad).<br><em>Hora de celebraci\u00f3n: 11:30 horas (misa parroquial).<br><\/em><strong>D\u00eda 6<\/strong> \u2013CULTOS PRIMER VIERNES DE MES.<br><em>Hora de celebraci\u00f3n: 18:30 horas.<\/em><\/p>\n\n\n\n<p class=\"has-vivid-cyan-blue-color has-text-color has-link-color wp-elements-f35e27e453ed73b799e8d79472c8bcc1\"><strong>MES DE MARZO<br>D\u00eda 5<\/strong> \u2013 PRIMER D\u00cdA DEL TRIDUO CUARESMAL.<br><em>Hora de celebraci\u00f3n: 18:30 horas.<br><\/em><strong>D\u00eda 6 <\/strong>\u2013 SEGUNDO D\u00cdA DEL TRIDUO CUARESMAL \u2013 Besapi\u00e9.<br><em>Hora de celebraci\u00f3n: 18:30 horas.<br><\/em><strong>D\u00eda 7<\/strong> \u2013 TERCER D\u00cdA DEL TRIDUO CUARESMAL \u2013 Celebraci\u00f3n de la Santa Misa y V\u00eda Crucis.<br><em>Hora de celebraci\u00f3n: 20:00 horas.<br><\/em><strong>D\u00eda 8<\/strong> \u2013 CUARTO D\u00cdA DEL TRIDUO CUARESMAL \u2013 Funci\u00f3n Principal de Instituto.<br><em>Hora de celebraci\u00f3n: 12:30 horas.<\/em><\/p>\n\n\n\n<p class=\"has-vivid-cyan-blue-color has-text-color has-link-color wp-elements-82c9a5e6afe3bfb5c05cfef2e9d4863c\"><strong>D\u00eda 27<\/strong> \u2013 MISA PREPARATORIA DE HERMANOS PARA LA SALIDA PROCESIONAL.<br><em>Hora de celebraci\u00f3n: 19:00 horas.<br><\/em><strong>D\u00eda 29 <\/strong>\u2013 PARTICIPACI\u00d3N EN LA MISA PARROQUIAL DE PALMAS Y OLIVOS.<\/p>\n\n\n\n<p class=\"has-vivid-cyan-blue-color has-text-color has-link-color wp-elements-097459c92be4025731e204ac54623635\"><strong>MES DE ABRIL<\/strong><br><strong>D\u00eda 2 <\/strong>\u2013 PARTICIPACI\u00d3N EN LA MISA PARROQUIAL DE LOS SANTOS OFICIOS.<br><strong>D\u00eda 3<\/strong> \u2013 PARTICIPACI\u00d3N EN LA MISA PARROQUIAL DE LOS SANTOS OFICIOS.<br><strong>D\u00eda 4<\/strong> \u2013 PARTICIPACI\u00d3N EN LA MISA PARROQUIAL DE VIGILIA PASCUAL.<\/p>\n\n\n\n<p class=\"has-vivid-cyan-blue-color has-text-color has-link-color wp-elements-794b400616c98b0246143f0f0cfc0595\"><strong>D\u00eda 10<\/strong> \u2013 CULTOS PRIMER VIERNES DE MES.<br><em>Hora de celebraci\u00f3n: 18:30 horas.<\/em><\/p>\n\n\n\n<p class=\"has-vivid-cyan-blue-color has-text-color has-link-color wp-elements-ac7fa1ac73c05d6c74209132b7294a7a\"><strong>MES DE MAYO<br>D\u00eda 5<\/strong> \u2013 CELEBRACI\u00d3N DE MISA DE ACCI\u00d3N DE GRAC\u00cdAS POR EL 67 ANIVERSARIO FUNDACIONAL.<br><em>Hora de celebraci\u00f3n: 19.00.<br><\/em><strong>D\u00eda 8<\/strong> \u2013 CULTOS PRIMER VIERNES DE MES.<br><em>Hora de celebraci\u00f3n: 18:30 horas.<\/em><\/p>\n\n\n\n<p class=\"has-vivid-cyan-blue-color has-text-color has-link-color wp-elements-4b2343eeba9a60aa9625c02779e75a93\"><strong>MES DE JUNIO<br>D\u00eda 5<\/strong> \u2013 CULTOS PRIMER VIERNES DE MES.<br><em>Hora de celebraci\u00f3n: 18:30 horas.<\/em><\/p>\n\n\n\n<p class=\"has-vivid-cyan-blue-color has-text-color has-link-color wp-elements-0877a2d2e26add8389f9511feccc07f1\"><strong>D\u00eda 10<\/strong> \u2013 PRIMER DIA DEL TRIDUO EUCAR\u00cdSTICO.<br><em>Hora de celebraci\u00f3n: 18:30 horas.<br><\/em><strong>D\u00eda 11<\/strong> \u2013 SEGUNDO DIA DEL TRIDUO EUCAR\u00cdSTICO.<br><em>Hora de celebraci\u00f3n: 18:30 horas.<br><\/em><strong>D\u00eda 12<\/strong> \u2013 TERCER DIA DEL TRIDUO EUCAR\u00cdSTICO.<br><em>Hora de celebraci\u00f3n: 18:30 horas.<br><\/em><strong>D\u00eda 13<\/strong> \u2013 CUARTO DIA DEL TRIDUO EUCAR\u00cdSTICO \u2013 Funci\u00f3n y Solemne Procesi\u00f3n Eucar\u00edstica.<br><em>Hora de celebraci\u00f3n: 19:00 horas.<\/em><\/p>\n\n\n\n<p class=\"has-vivid-cyan-blue-color has-text-color has-link-color wp-elements-63eaf50407680aac842a06a0bd089f13\"><strong>MES DE JULIO<br>D\u00eda 3<\/strong> \u2013 CULTOS PRIMER VIERNES DE MES.<br><em>Hora de celebraci\u00f3n: 18:30 horas.<\/em><\/p>\n\n\n\n<p class=\"has-vivid-cyan-blue-color has-text-color has-link-color wp-elements-ece2b91174fe3d647682cb685fb8e2d7\"><strong>MES DE AGOSTO<br>D\u00eda 7<\/strong> \u2013 CULTOS PRIMER VIERNES DE MES.<br><em>Hora de celebraci\u00f3n: 18:30 horas.<\/em><\/p>\n\n\n\n<p class=\"has-vivid-cyan-blue-color has-text-color has-link-color wp-elements-201ceb60efb764690a5b2807f2a79eeb\"><strong>MES DE SEPTIEMBRE<br>D\u00eda 4<\/strong> \u2013 CULTOS PRIMER VIERNES DE MES.<br><em>Hora de celebraci\u00f3n: 18:30 horas.<br><\/em><strong>D\u00eda 27<\/strong> \u2013 (o Domingo m\u00e1s pr\u00f3ximo) MISA SOLEMNE EN HONOR DE SAN COSME Y SAN DAM\u00cdAN.<br><em>Hora de celebraci\u00f3n: 11.30 horas (misa parroquial).<\/em><\/p>\n\n\n\n<p class=\"has-vivid-cyan-blue-color has-text-color has-link-color wp-elements-ec13982a8cb32a7c1c9650ee71231419\"><strong>MES DE OCTUBRE<br>D\u00eda 2<\/strong> \u2013 CULTOS PRIMER VIERNES DE MES (Se celebrar\u00e1n en el Monasterio de la Stma. Trinidad \u2013 Carmelitas Descalzas).<\/p>\n\n\n\n<p class=\"has-vivid-cyan-blue-color has-text-color has-link-color wp-elements-5eca8bc8250c0f5e0116f697f6524a14\"><strong>MES DE NOVIEMBRE<br>D\u00eda 6 <\/strong>\u2013 CULTOS PRIMER VIERNES DE MES Y MISA EN SUFRAGIO DE NUESTROS HERMANOS DIFUNTOS.<br><em>Hora de celebraci\u00f3n: 18:30 horas.<br><\/em><strong>D\u00eda 21 <\/strong>\u2013 MISA SOLEMNE EN HONOR DE MAR\u00cdA SANT\u00cdSIMA DE LA PIEDAD CON MOTIVO DE SU ONOM\u00c1STICA.<br><em>Hora de celebraci\u00f3n: 19:00 horas.<\/em><\/p>\n\n\n\n<p class=\"has-vivid-cyan-blue-color has-text-color has-link-color wp-elements-995e4137a981a9cc68b963064b285054\"><strong>MES DE DICIEMBRE<br>D\u00eda 5<\/strong> \u2013 PRIMER DIA DEL TRIDUO DE LA INMACULADA CONCEPCI\u00d3N.<br><em>Hora de celebraci\u00f3n: 19:30 horas.<br><\/em><strong>D\u00eda 6<\/strong> \u2013 PRIMER DIA DEL TRIDUO DE LA INMACULADA CONCEPCI\u00d3N.<br><em>Hora de celebraci\u00f3n: 19:30 horas.<br><\/em><strong>D\u00eda 7<\/strong> \u2013 PRIMER DIA DEL TRIDUO DE LA INMACULADA CONCEPCI\u00d3N.<br><em>Hora de celebraci\u00f3n: 19:30 horas.<br><\/em><strong>D\u00eda 8<\/strong> \u2013 CUARTO DIA DEL TRIDUO DE LA INMACULADA CONCEPCI\u00d3N \u2013 Solemne Funci\u00f3n Religiosa.<br><em>Hora de celebraci\u00f3n: 12:30 horas.<\/em><\/p>\n\n\n\n<p class=\"has-vivid-cyan-blue-color has-text-color has-link-color wp-elements-38dc68243dc59ebb90cddc9089b367f2\"><strong>D\u00eda 24<\/strong> \u2013 PARTICIPACI\u00d3N EN LA CELEBRACI\u00d3N PARROQUIAL DE LA MISA DEL GALLO.<br><em>Hora de celebraci\u00f3n: 19:00 horas.<\/em><\/p>\n\n\n\n<p><\/p>\n","protected":false},"excerpt":{"rendered":"<p>MES DE ENEROD\u00eda 2 \u00f3 9 \u2013 CULTOS PRIMER VIERNES DE MES.Hora de celebraci\u00f3n: 18:30 horas. D\u00eda 25 \u2013 EUCARIST\u00cdA CONMEMORACI\u00d3N 40 A\u00d1OS DE LA ARMADA COMO HERMANA DE HONOR.Hora&hellip;<\/p>\n","protected":false},"author":2,"featured_media":0,"parent":0,"menu_order":0,"comment_status":"closed","ping_status":"closed","template":"","meta":{"footnotes":""},"class_list":["post-1238","page","type-page","status-publish","hentry"],"_links":{"self":[{"href":"https:\/\/misericordiadesanfernando.com\/index.php\/wp-json\/wp\/v2\/pages\/1238","targetHints":{"allow":["GET"]}}],"collection":[{"href":"https:\/\/misericordiadesanfernando.com\/index.php\/wp-json\/wp\/v2\/pages"}],"about":[{"href":"https:\/\/misericordiadesanfernando.com\/index.php\/wp-json\/wp\/v2\/types\/page"}],"author":[{"embeddable":true,"href":"https:\/\/misericordiadesanfernando.com\/index.php\/wp-json\/wp\/v2\/users\/2"}],"replies":[{"embeddable":true,"href":"https:\/\/misericordiadesanfernando.com\/index.php\/wp-json\/wp\/v2\/comments?post=1238"}],"version-history":[{"count":4,"href":"https:\/\/misericordiadesanfernando.com\/index.php\/wp-json\/wp\/v2\/pages\/1238\/revisions"}],"predecessor-version":[{"id":1726,"href":"https:\/\/misericordiadesanfernando.com\/index.php\/wp-json\/wp\/v2\/pages\/1238\/revisions\/1726"}],"wp:attachment":[{"href":"https:\/\/misericordiadesanfernando.com\/index.php\/wp-json\/wp\/v2\/media?parent=1238"}],"curies":[{"name":"wp","href":"https:\/\/api.w.org\/{rel}","templated":true}]}}