{"id":123,"date":"2025-07-23T13:50:58","date_gmt":"2025-07-23T11:50:58","guid":{"rendered":"http:\/\/localhost\/misericordia\/?page_id=123"},"modified":"2025-11-14T19:48:31","modified_gmt":"2025-11-14T18:48:31","slug":"caridad","status":"publish","type":"page","link":"https:\/\/misericordiadesanfernando.com\/index.php\/caridad\/","title":{"rendered":""},"content":{"rendered":"\n<p><\/p>\n\n\n<style>.kb-image123_4d1e08-6c .kb-image-has-overlay:after{opacity:0.3;}<\/style>\n<div class=\"wp-block-kadence-image kb-image123_4d1e08-6c\"><figure class=\"aligncenter size-large\"><img loading=\"lazy\" decoding=\"async\" width=\"1024\" height=\"341\" src=\"https:\/\/misericordiadesanfernando.com\/wp-content\/uploads\/2025\/11\/caridad-1024x341.jpeg\" alt=\"\" class=\"kb-img wp-image-1193\" srcset=\"https:\/\/misericordiadesanfernando.com\/wp-content\/uploads\/2025\/11\/caridad-1024x341.jpeg 1024w, https:\/\/misericordiadesanfernando.com\/wp-content\/uploads\/2025\/11\/caridad-300x100.jpeg 300w, https:\/\/misericordiadesanfernando.com\/wp-content\/uploads\/2025\/11\/caridad-768x256.jpeg 768w, https:\/\/misericordiadesanfernando.com\/wp-content\/uploads\/2025\/11\/caridad.jpeg 1500w\" sizes=\"auto, (max-width: 1024px) 100vw, 1024px\" \/><\/figure><\/div>\n\n\n\n<p class=\"has-text-align-center has-vivid-cyan-blue-color has-text-color has-link-color wp-elements-1c2ea6e5169ef503dc96de5f40fefbb2\"><strong>BOLSA DE CARIDAD \u201cRVDO. PADRE JOS\u00c9 MARIA ARENAS\u201d<\/strong><\/p>\n\n\n\n<p class=\"has-vivid-cyan-blue-color has-text-color has-link-color wp-elements-8fab6e231bb575b60d1b46aff42aef2f\">La Hermandad Sacramental de la Misericordia no solo vive su fe en el \u00e1mbito lit\u00fargico o devocional, sino que la proyecta con fuerza y coherencia en el \u00e1mbito social, convirtiendo la caridad en uno de los pilares fundamentales de su identidad cristiana. A trav\u00e9s de su Bolsa de Caridad \u201cReverendo Padre Jos\u00e9 Mar\u00eda&nbsp; Arenas\u201d, ha logrado consolidar un proyecto de ayuda continua, organizado y comprometido que se extiende a lo largo de todo el a\u00f1o, atendiendo a una variedad de necesidades materiales, emocionales y espirituales.<\/p>\n\n\n\n<p class=\"has-vivid-cyan-blue-color has-text-color has-link-color wp-elements-5a746dc5c902a0a4d48afd4dedbd097d\">El trabajo que desarrolla la Bolsa de Caridad no es meramente asistencia lista, sino profundamente humano. Va m\u00e1s all\u00e1 de repartir alimentos o cubrir necesidades b\u00e1sicas; busca restituir la dignidad, acompa\u00f1ar en el sufrimiento y sembrar esperanza en quienes atraviesan momentos dif\u00edciles. Esa caridad silenciosa pero constante, inspirada por el Evangelio y por la figura de Jes\u00fas de la Misericordia, se convierte en un testimonio vivo y eficaz del compromiso cristiano con los m\u00e1s desfavorecidos.<\/p>\n\n\n\n<p class=\"has-vivid-cyan-blue-color has-text-color has-link-color wp-elements-f25046a3ab3ec08e8e9d05977c3660dd\">Adem\u00e1s, la capacidad de esta Hermandad para tejer alianzas con instituciones como C\u00e1ritas, Red Madre o el Albergue Federico Ozanam, as\u00ed como su sensibilidad para organizar campa\u00f1as espec\u00edficas (como Reyes Magos Solidarios o la Operaci\u00f3n Kilo), demuestra una vocaci\u00f3n de servicio bien planificada y enraizada en la realidad de su entorno. Todo ello convierte a la Hermandad en un actor relevante del tejido social de San Fernando.<\/p>\n\n\n\n<p class=\"has-vivid-cyan-blue-color has-text-color has-link-color wp-elements-be5b18a070c179b224fea7914dbadcec\">La caridad, como ense\u00f1\u00f3 el Rvdo. Padre Arenas \u2014cuyo legado sigue vivo en cada gesto de ayuda\u2014, no es una opci\u00f3n dentro de la vida cristiana, sino su misma esencia. Y es precisamente esta esencia la que la Hermandad de la Misericordia encarna con fidelidad, ofreciendo un ejemplo claro de c\u00f3mo las cofrad\u00edas pueden y deben ser motor de transformaci\u00f3n social en sus comunidades.<\/p>\n\n\n\n<p class=\"has-vivid-cyan-blue-color has-text-color has-link-color wp-elements-2fbd7f1bc20358e8581e57b601c764f6\">En definitiva, su labor no solo mejora vidas; tambi\u00e9n eleva el esp\u00edritu de todos los que participan en ella, record\u00e1ndonos que cada acci\u00f3n de misericordia, por peque\u00f1a que sea, tiene el poder de encender una luz en medio de la necesidad.<\/p>\n\n\n\n<p class=\"has-vivid-cyan-blue-color has-text-color has-link-color wp-elements-caef8c0b9fed01590e9c683c150efb07\">As\u00ed, la Hermandad honra su nombre y vocaci\u00f3n: ser testimonio vivo de la Misericordia en el coraz\u00f3n mismo de San Fernando.<\/p>\n","protected":false},"excerpt":{"rendered":"<p>BOLSA DE CARIDAD \u201cRVDO. PADRE JOS\u00c9 MARIA ARENAS\u201d La Hermandad Sacramental de la Misericordia no solo vive su fe en el \u00e1mbito lit\u00fargico o devocional, sino que la proyecta con&hellip;<\/p>\n","protected":false},"author":2,"featured_media":0,"parent":0,"menu_order":0,"comment_status":"closed","ping_status":"closed","template":"","meta":{"footnotes":""},"class_list":["post-123","page","type-page","status-publish","hentry"],"_links":{"self":[{"href":"https:\/\/misericordiadesanfernando.com\/index.php\/wp-json\/wp\/v2\/pages\/123","targetHints":{"allow":["GET"]}}],"collection":[{"href":"https:\/\/misericordiadesanfernando.com\/index.php\/wp-json\/wp\/v2\/pages"}],"about":[{"href":"https:\/\/misericordiadesanfernando.com\/index.php\/wp-json\/wp\/v2\/types\/page"}],"author":[{"embeddable":true,"href":"https:\/\/misericordiadesanfernando.com\/index.php\/wp-json\/wp\/v2\/users\/2"}],"replies":[{"embeddable":true,"href":"https:\/\/misericordiadesanfernando.com\/index.php\/wp-json\/wp\/v2\/comments?post=123"}],"version-history":[{"count":3,"href":"https:\/\/misericordiadesanfernando.com\/index.php\/wp-json\/wp\/v2\/pages\/123\/revisions"}],"predecessor-version":[{"id":1195,"href":"https:\/\/misericordiadesanfernando.com\/index.php\/wp-json\/wp\/v2\/pages\/123\/revisions\/1195"}],"wp:attachment":[{"href":"https:\/\/misericordiadesanfernando.com\/index.php\/wp-json\/wp\/v2\/media?parent=123"}],"curies":[{"name":"wp","href":"https:\/\/api.w.org\/{rel}","templated":true}]}}