{"id":121,"date":"2025-07-23T13:50:50","date_gmt":"2025-07-23T11:50:50","guid":{"rendered":"http:\/\/localhost\/misericordia\/?page_id=121"},"modified":"2025-11-14T19:39:45","modified_gmt":"2025-11-14T18:39:45","slug":"mayordomia","status":"publish","type":"page","link":"https:\/\/misericordiadesanfernando.com\/index.php\/mayordomia\/","title":{"rendered":""},"content":{"rendered":"\n<p><\/p>\n\n\n<style>.kb-image121_a0849d-68 .kb-image-has-overlay:after{opacity:0.3;}<\/style>\n<div class=\"wp-block-kadence-image kb-image121_a0849d-68\"><figure class=\"aligncenter size-large\"><img loading=\"lazy\" decoding=\"async\" width=\"1024\" height=\"341\" src=\"https:\/\/misericordiadesanfernando.com\/wp-content\/uploads\/2025\/11\/mayordomia-1024x341.jpeg\" alt=\"\" class=\"kb-img wp-image-1189\" srcset=\"https:\/\/misericordiadesanfernando.com\/wp-content\/uploads\/2025\/11\/mayordomia-1024x341.jpeg 1024w, https:\/\/misericordiadesanfernando.com\/wp-content\/uploads\/2025\/11\/mayordomia-300x100.jpeg 300w, https:\/\/misericordiadesanfernando.com\/wp-content\/uploads\/2025\/11\/mayordomia-768x256.jpeg 768w, https:\/\/misericordiadesanfernando.com\/wp-content\/uploads\/2025\/11\/mayordomia.jpeg 1500w\" sizes=\"auto, (max-width: 1024px) 100vw, 1024px\" \/><\/figure><\/div>\n\n\n\n<p class=\"has-text-align-center has-vivid-cyan-blue-color has-text-color has-link-color wp-elements-b71b235f9a5d3a30942a276312273d3b\"><strong>MAYORDOM\u00cdA<\/strong><\/p>\n\n\n\n<p class=\"has-vivid-cyan-blue-color has-text-color has-link-color wp-elements-06832d48485402c11d15e6490d0154ac\">La Mayordom\u00eda es el \u00e1rea encargada de la administraci\u00f3n, conservaci\u00f3n y custodia del patrimonio material de la Hermandad. A trav\u00e9s del Mayordomo y, en su caso, del Mayordomo auxiliar, asume la responsabilidad directa sobre todos los bienes muebles e inmuebles de la corporaci\u00f3n, asegurando su adecuada preservaci\u00f3n, utilizaci\u00f3n y mantenimiento.<\/p>\n\n\n\n<p class=\"has-vivid-cyan-blue-color has-text-color has-link-color wp-elements-069adb185ef1c035cc4eb2fe6898e566\">Entre sus funciones principales se encuentran:<\/p>\n\n\n\n<p class=\"has-vivid-cyan-blue-color has-text-color has-link-color wp-elements-45e7fb69d19122ff0947bae83415575e\"><strong>Gesti\u00f3n del patrimonio material:<\/strong> Custodia y controla todos los enseres, enseres lit\u00fargicos, ornamentales y patrimoniales de la Hermandad, desde insignias, pasos, candeler\u00eda, varas, estandartes, sayas, t\u00fanicas, hasta cualquier elemento relacionado con el culto o la procesi\u00f3n.<\/p>\n\n\n\n<p class=\"has-vivid-cyan-blue-color has-text-color has-link-color wp-elements-0e3dd4c12ed17d5ce1e02561a5a4769d\"><strong>Inventario y documentaci\u00f3n:<\/strong> El Mayordomo mantiene, junto con el Fiscal de la Hermandad, el inventario general de los bienes de la cofrad\u00eda, asegurando su constante actualizaci\u00f3n, catalogaci\u00f3n y correcta documentaci\u00f3n, conforme a los criterios de conservaci\u00f3n patrimonial y transparencia institucional.<\/p>\n\n\n\n<p class=\"has-vivid-cyan-blue-color has-text-color has-link-color wp-elements-260c7387c51b5ee202b475ed629fc422\"><strong>Organizaci\u00f3n de cultos y actos:<\/strong> Dirige y coordina el montaje y desmontaje de todos los cultos de la Hermandad, tanto internos (triduos, besamanos, misas mensuales, etc.) como externos (procesiones, traslados, Via-Crucis, etc.). Esto incluye la disposici\u00f3n del altar, la iluminaci\u00f3n, la colocaci\u00f3n de enseres y exorno, y la ambientaci\u00f3n general de los espacios lit\u00fargicos.<\/p>\n\n\n\n<p class=\"has-vivid-cyan-blue-color has-text-color has-link-color wp-elements-18030b9aa699f3f79f059eb1477f8fae\"><strong>Supervisi\u00f3n de Priost\u00eda:<\/strong> El Mayordomo supervisa y coordina la labor del prioste y capiller, asegur\u00e1ndose de que el montaje y mantenimiento de los pasos y altares se realice con el debido cuidado y seg\u00fan las directrices establecidas.<\/p>\n\n\n\n<p class=\"has-vivid-cyan-blue-color has-text-color has-link-color wp-elements-1c34b7571ee7a9aa06eed0d7d10555f4\"><strong>Relaci\u00f3n con el Vestidor y las Camareras:<\/strong> Est\u00e1 encargado de la coordinaci\u00f3n directa con el Vestidor de las Sagradas Im\u00e1genes y con las Camareras, facilitando los medios necesarios para sus labores, supervisando los cambios de vestimenta y velando por la dignidad, el respeto y el decoro de las im\u00e1genes titulares en todo momento.<\/p>\n\n\n\n<p class=\"has-vivid-cyan-blue-color has-text-color has-link-color wp-elements-0fa693b2fa1b013287949d3614db47f5\"><strong>Conservaci\u00f3n preventiva:<\/strong> Participa en la planificaci\u00f3n de actuaciones de conservaci\u00f3n preventiva o restauraci\u00f3n de los bienes de la Hermandad, proponiendo mejoras, informando a la Junta de Gobierno y velando por el correcto estado de los enseres, textiles e im\u00e1genes, en colaboraci\u00f3n con t\u00e9cnicos o especialistas cuando as\u00ed se requiera.<\/p>\n\n\n\n<p class=\"has-vivid-cyan-blue-color has-text-color has-link-color wp-elements-238a42ecedcaa7a09ed2a1a920d4a43b\">En definitiva, la Mayordom\u00eda representa uno de los pilares fundamentales de la vida de la Hermandad, encargada de hacer posible, con rigor y dedicaci\u00f3n, tanto la belleza como la solemnidad de los cultos, as\u00ed como el resguardo y continuidad del legado material que ha sido recibido y ha de ser transmitido con fidelidad a las generaciones futuras.<\/p>\n","protected":false},"excerpt":{"rendered":"<p>MAYORDOM\u00cdA La Mayordom\u00eda es el \u00e1rea encargada de la administraci\u00f3n, conservaci\u00f3n y custodia del patrimonio material de la Hermandad. A trav\u00e9s del Mayordomo y, en su caso, del Mayordomo auxiliar,&hellip;<\/p>\n","protected":false},"author":2,"featured_media":0,"parent":0,"menu_order":0,"comment_status":"closed","ping_status":"closed","template":"","meta":{"footnotes":""},"class_list":["post-121","page","type-page","status-publish","hentry"],"_links":{"self":[{"href":"https:\/\/misericordiadesanfernando.com\/index.php\/wp-json\/wp\/v2\/pages\/121","targetHints":{"allow":["GET"]}}],"collection":[{"href":"https:\/\/misericordiadesanfernando.com\/index.php\/wp-json\/wp\/v2\/pages"}],"about":[{"href":"https:\/\/misericordiadesanfernando.com\/index.php\/wp-json\/wp\/v2\/types\/page"}],"author":[{"embeddable":true,"href":"https:\/\/misericordiadesanfernando.com\/index.php\/wp-json\/wp\/v2\/users\/2"}],"replies":[{"embeddable":true,"href":"https:\/\/misericordiadesanfernando.com\/index.php\/wp-json\/wp\/v2\/comments?post=121"}],"version-history":[{"count":3,"href":"https:\/\/misericordiadesanfernando.com\/index.php\/wp-json\/wp\/v2\/pages\/121\/revisions"}],"predecessor-version":[{"id":1190,"href":"https:\/\/misericordiadesanfernando.com\/index.php\/wp-json\/wp\/v2\/pages\/121\/revisions\/1190"}],"wp:attachment":[{"href":"https:\/\/misericordiadesanfernando.com\/index.php\/wp-json\/wp\/v2\/media?parent=121"}],"curies":[{"name":"wp","href":"https:\/\/api.w.org\/{rel}","templated":true}]}}