{"id":111,"date":"2025-07-23T13:49:49","date_gmt":"2025-07-23T11:49:49","guid":{"rendered":"http:\/\/localhost\/misericordia\/?page_id=111"},"modified":"2025-11-17T21:01:16","modified_gmt":"2025-11-17T20:01:16","slug":"archivo-musical","status":"publish","type":"page","link":"https:\/\/misericordiadesanfernando.com\/index.php\/archivo-musical\/","title":{"rendered":""},"content":{"rendered":"\n<p><\/p>\n\n\n<style>.kb-image111_f37d12-35 .kb-image-has-overlay:after{opacity:0.3;}<\/style>\n<div class=\"wp-block-kadence-image kb-image111_f37d12-35\"><figure class=\"aligncenter size-large\"><img loading=\"lazy\" decoding=\"async\" width=\"1024\" height=\"341\" src=\"https:\/\/misericordiadesanfernando.com\/wp-content\/uploads\/2025\/11\/archivomusical-1024x341.jpeg\" alt=\"\" class=\"kb-img wp-image-1181\" srcset=\"https:\/\/misericordiadesanfernando.com\/wp-content\/uploads\/2025\/11\/archivomusical-1024x341.jpeg 1024w, https:\/\/misericordiadesanfernando.com\/wp-content\/uploads\/2025\/11\/archivomusical-300x100.jpeg 300w, https:\/\/misericordiadesanfernando.com\/wp-content\/uploads\/2025\/11\/archivomusical-768x256.jpeg 768w, https:\/\/misericordiadesanfernando.com\/wp-content\/uploads\/2025\/11\/archivomusical.jpeg 1500w\" sizes=\"auto, (max-width: 1024px) 100vw, 1024px\" \/><\/figure><\/div>\n\n\n\n<p class=\"has-text-align-center has-vivid-cyan-blue-color has-text-color has-link-color wp-elements-4ec171db36febaece71ab39a3d1df788\"><strong>LA M\u00daSICA DE LA HERMANDAD<\/strong><\/p>\n\n\n\n<p class=\"has-vivid-cyan-blue-color has-text-color has-link-color wp-elements-07ea346ef90282a75dcbcbdb6a79fa7e\">La hermandad tiene un rico patrimonio musical de marchas procesionales dedicadas a los titulares y que han sido compuestas por directores de la ciudad y de otras localidades, para ser interpretadas por bandas de m\u00fasica, de cornetas y tambores y agrupaci\u00f3n musical. La marcha m\u00e1s antigua que posee la hermandad fue estrenada en 1971 y compuesta por Agripino Lozano Perea.<\/p>\n\n\n\n<p class=\"has-vivid-cyan-blue-color has-text-color has-link-color wp-elements-55683da32ab6ef59b06760b0a89ae554\"><br><strong>Directores y composiciones.<\/strong><strong><\/strong><\/p>\n\n\n\n<p class=\"has-vivid-cyan-blue-color has-text-color has-link-color wp-elements-a5f762b8c66d62a60873522a758f6b94\"><br><strong>Agripino Lozano Perea<\/strong>, Director de la Banda de M\u00fasica de la Cruz Roja Local, compuso en 1970 la marcha procesional \u00abNuestro Padre Jes\u00fas de la Misericordia\u00bb estrenada en el preg\u00f3n de la Semana Santa celebrado en el Teatro de las Cortes el Domingo de Pasi\u00f3n de 1971 e interpretada en la estaci\u00f3n de penitencia de la hermandad.<\/p>\n\n\n\n<p class=\"has-vivid-cyan-blue-color has-text-color has-link-color wp-elements-611ab18d4a9d08ea22fd4683f9914145\"><br><strong>Jos\u00e9 Ribera Tordera<\/strong>, Director de la Banda de M\u00fasica de la Cruz Roja Local, marcha procesional \u00abLa Piedad\u00bb compuesta en 1988.<\/p>\n\n\n\n<p class=\"has-vivid-cyan-blue-color has-text-color has-link-color wp-elements-1768eb0b8aa286467406b16073fb1499\"><strong>Francisco Hern\u00e1ndez Lora<\/strong>, Director de la Banda Municipal de San Fernando, compuso en 1994 la marcha \u00abMar\u00eda Sant\u00edsima de la Piedad\u00bb<\/p>\n\n\n\n<p class=\"has-vivid-cyan-blue-color has-text-color has-link-color wp-elements-ca2cb601955228944ae2634b88bfcd85\"><strong>Jos\u00e9 Gonz\u00e1lez Garc\u00eda<\/strong> compuso en 1997 la marcha procesional para banda de m\u00fasica \u00abPiedad Isle\u00f1a y Nazarena\u00bb.<\/p>\n\n\n\n<p class=\"has-vivid-cyan-blue-color has-text-color has-link-color wp-elements-da6f4d7952c73d9fc07d4dbeaf848f30\"><strong>Alberto Devesa Garc\u00eda<\/strong> compuso en 2007&nbsp; la marcha procesional \u201cCorpus en la Pastora\u201d,&nbsp; en recuerdo del cincuenta aniversario de la fundaci\u00f3n de la Hermandad. Fue estrenada por la Banda Municipal de San Fernando, siendo director el propio autor.<\/p>\n\n\n\n<p class=\"has-vivid-cyan-blue-color has-text-color has-link-color wp-elements-90aa11071dd88b978a22e782143bf238\"><strong>Juan Jos\u00e9 Castellanos Rodr\u00edguez,<\/strong> compuso en 2014 la marcha procesional para banda de m\u00fasica \u00abPiedad Carmelitana\u00bb.<\/p>\n\n\n\n<p class=\"has-vivid-cyan-blue-color has-text-color has-link-color wp-elements-0e6a9d032963906768a40425103b219a\"><strong>David Morillo Trelles,<\/strong> compuso para nuestra Titular la marcha\u201dMadre, tu Misericordia, en el a\u00f1o 2023, siendo estrenada en aquella Cuaresma por la Banda de M\u00fasica \u201cSan Jos\u00e9 Artesano\u201d de nuestra ciudad.<\/p>\n\n\n\n<p class=\"has-vivid-cyan-blue-color has-text-color has-link-color wp-elements-6efa605e4f1de505277335d3ce885a61\"><strong>Guillermo G\u00f3mez Gurr\u00eda,<\/strong> compuso en el a\u00f1o 2025 la marcha procesional \u201cLa Virgen de la Piedad\u201d compuesta para el L aniversario de la bendici\u00f3n de Mar\u00eda Sant\u00edsima de la Piedad, y estrenada en el concierto extraordinario celebrado en la Cuaresma en la Iglesia de la Divina Pastora.<\/p>\n\n\n\n<p class=\"has-vivid-cyan-blue-color has-text-color has-link-color wp-elements-ec3ff6a1ae267bb8142f13f57db99761\">En cuanto a composiciones para bandas de cornetas y tambores y agrupaciones musicales, la hermandad posee cuatro partituras.<\/p>\n\n\n\n<p class=\"has-vivid-cyan-blue-color has-text-color has-link-color wp-elements-88f16bdbe7d8145e5dad25efbace10af\"><strong>Luis A. Miraut Lago,<\/strong> compuso en 1986 \u00abMisericordia Isle\u00f1a\u00bb esta marcha tiene un nivel alt\u00edsimo y en la actualidad se est\u00e1 interpretando por infinidad de bandas y \u00abVirgen de la Piedad\u00bb del mismo autor.<\/p>\n\n\n\n<p class=\"has-vivid-cyan-blue-color has-text-color has-link-color wp-elements-cfd6e2a567f574b1b99519c37f8beaa1\"><strong>Andr\u00e9s Piquero Cabrera,<\/strong> la marcha procesional \u00abMisericordia Se\u00f1or\u00bb de 1982.<\/p>\n\n\n\n<p class=\"has-vivid-cyan-blue-color has-text-color has-link-color wp-elements-bdcfaa41f95da522a4d4b82e29e84931\"><strong>Daniel Rodr\u00edguez Ram\u00edrez,<\/strong> autor de la marcha \u00abAl Se\u00f1or de la Misericordia\u00bb<\/p>\n\n\n\n<p class=\"has-vivid-cyan-blue-color has-text-color has-link-color wp-elements-05632029db11419b895fe2527d27a9af\"><\/p>\n\n\n<style>.kb-image111_c26453-3f .kb-image-has-overlay:after{opacity:0.3;}<\/style>\n<div class=\"wp-block-kadence-image kb-image111_c26453-3f\"><figure class=\"aligncenter size-large\"><img loading=\"lazy\" decoding=\"async\" width=\"1024\" height=\"718\" src=\"https:\/\/misericordiadesanfernando.com\/wp-content\/uploads\/2025\/11\/WhatsApp-Image-2025-11-17-at-21.00.52-1024x718.jpeg\" alt=\"\" class=\"kb-img wp-image-1802\" srcset=\"https:\/\/misericordiadesanfernando.com\/wp-content\/uploads\/2025\/11\/WhatsApp-Image-2025-11-17-at-21.00.52-1024x718.jpeg 1024w, https:\/\/misericordiadesanfernando.com\/wp-content\/uploads\/2025\/11\/WhatsApp-Image-2025-11-17-at-21.00.52-300x210.jpeg 300w, https:\/\/misericordiadesanfernando.com\/wp-content\/uploads\/2025\/11\/WhatsApp-Image-2025-11-17-at-21.00.52-768x539.jpeg 768w, https:\/\/misericordiadesanfernando.com\/wp-content\/uploads\/2025\/11\/WhatsApp-Image-2025-11-17-at-21.00.52.jpeg 1206w\" sizes=\"auto, (max-width: 1024px) 100vw, 1024px\" \/><\/figure><\/div>\n\n\n\n<p><\/p>\n","protected":false},"excerpt":{"rendered":"<p>LA M\u00daSICA DE LA HERMANDAD La hermandad tiene un rico patrimonio musical de marchas procesionales dedicadas a los titulares y que han sido compuestas por directores de la ciudad y&hellip;<\/p>\n","protected":false},"author":2,"featured_media":0,"parent":0,"menu_order":0,"comment_status":"closed","ping_status":"closed","template":"","meta":{"footnotes":""},"class_list":["post-111","page","type-page","status-publish","hentry"],"_links":{"self":[{"href":"https:\/\/misericordiadesanfernando.com\/index.php\/wp-json\/wp\/v2\/pages\/111","targetHints":{"allow":["GET"]}}],"collection":[{"href":"https:\/\/misericordiadesanfernando.com\/index.php\/wp-json\/wp\/v2\/pages"}],"about":[{"href":"https:\/\/misericordiadesanfernando.com\/index.php\/wp-json\/wp\/v2\/types\/page"}],"author":[{"embeddable":true,"href":"https:\/\/misericordiadesanfernando.com\/index.php\/wp-json\/wp\/v2\/users\/2"}],"replies":[{"embeddable":true,"href":"https:\/\/misericordiadesanfernando.com\/index.php\/wp-json\/wp\/v2\/comments?post=111"}],"version-history":[{"count":5,"href":"https:\/\/misericordiadesanfernando.com\/index.php\/wp-json\/wp\/v2\/pages\/111\/revisions"}],"predecessor-version":[{"id":1803,"href":"https:\/\/misericordiadesanfernando.com\/index.php\/wp-json\/wp\/v2\/pages\/111\/revisions\/1803"}],"wp:attachment":[{"href":"https:\/\/misericordiadesanfernando.com\/index.php\/wp-json\/wp\/v2\/media?parent=111"}],"curies":[{"name":"wp","href":"https:\/\/api.w.org\/{rel}","templated":true}]}}