{"id":109,"date":"2025-07-23T13:49:21","date_gmt":"2025-07-23T11:49:21","guid":{"rendered":"http:\/\/localhost\/misericordia\/?page_id=109"},"modified":"2025-11-17T12:07:44","modified_gmt":"2025-11-17T11:07:44","slug":"enseres","status":"publish","type":"page","link":"https:\/\/misericordiadesanfernando.com\/index.php\/enseres\/","title":{"rendered":""},"content":{"rendered":"\n<p><\/p>\n\n\n<style>.kb-image109_6768ef-a6 .kb-image-has-overlay:after{opacity:0.3;}<\/style>\n<div class=\"wp-block-kadence-image kb-image109_6768ef-a6\"><figure class=\"aligncenter size-large\"><img loading=\"lazy\" decoding=\"async\" width=\"1024\" height=\"341\" src=\"https:\/\/misericordiadesanfernando.com\/wp-content\/uploads\/2025\/11\/50piedad-1024x341.jpeg\" alt=\"\" class=\"kb-img wp-image-1464\" srcset=\"https:\/\/misericordiadesanfernando.com\/wp-content\/uploads\/2025\/11\/50piedad-1024x341.jpeg 1024w, https:\/\/misericordiadesanfernando.com\/wp-content\/uploads\/2025\/11\/50piedad-300x100.jpeg 300w, https:\/\/misericordiadesanfernando.com\/wp-content\/uploads\/2025\/11\/50piedad-768x256.jpeg 768w, https:\/\/misericordiadesanfernando.com\/wp-content\/uploads\/2025\/11\/50piedad.jpeg 1500w\" sizes=\"auto, (max-width: 1024px) 100vw, 1024px\" \/><\/figure><\/div>\n\n\n\n<p class=\"has-text-align-center has-vivid-cyan-blue-color has-text-color has-link-color wp-elements-5261fb3de80f54473b9c56737b8c35ee\"><strong>50 a\u00f1os de Piedad<\/strong><\/p>\n\n\n\n<p class=\"has-vivid-cyan-blue-color has-text-color has-link-color wp-elements-a3482405f4bd85de06e2ee52bc8b9cc5\">La Real y Venerable Hermandad de la Misericordia de San Fernando ha vivido un 2025 a\u00f1o cargado de emociones conmemorativas al cumplirse los <strong>50 a\u00f1os de la bendici\u00f3n<\/strong> de su titular mariana, Mar\u00eda Sant\u00edsima de la Piedad.<\/p>\n\n\n\n<p class=\"has-vivid-cyan-blue-color has-text-color has-link-color wp-elements-0fd12b9c77a57479dabdc7ad7eb3ba40\"><strong>Un programa con ra\u00edces cofrades y espirituales<\/strong><\/p>\n\n\n\n<p class=\"has-vivid-cyan-blue-color has-text-color has-link-color wp-elements-52f422c06dbddd81a244a9cadb3df9e2\">Para celebrar esta efem\u00e9ride, la hermandad dise\u00f1\u00f3 un <strong>programa de actos<\/strong> que comenz\u00f3 en noviembre de 2024 y se prolong\u00f3 hasta diciembre de 2025. Entre las iniciativas destacan la presentaci\u00f3n de un cartel conmemorativo, un logotipo especial y la organizaci\u00f3n de las llamadas \u201cSantas Misiones\u201d, que constituyeron el coraz\u00f3n espiritual de la conmemoraci\u00f3n.<\/p>\n\n\n\n<p class=\"has-vivid-cyan-blue-color has-text-color has-link-color wp-elements-19734707add09d1d212e6a3f19c7cfe7\"><strong>Traslado extraordinario al convento carmelita<\/strong><\/p>\n\n\n\n<p class=\"has-vivid-cyan-blue-color has-text-color has-link-color wp-elements-f965f21a1b6465e56476e33f80b3bd05\">Uno de los momentos m\u00e1s emotivos que se vivieron fue el <strong>traslado extraordinario<\/strong> de la Virgen de la Piedad al Convento de las Carmelitas Descalzas de San Fernando. El evento tuvo lugar el 25 de mayo de 2025, con un recorrido procesional muy recogido desde la parroquia de la Pastora hasta el monasterio carmelita, animado por el Coro San Juan de la Cruz y la Capilla \u201cLignum Crucis\u201d, lo que dot\u00f3 al acto de una atm\u00f3sfera profundamente contemplativa.<\/p>\n\n\n\n<p class=\"has-vivid-cyan-blue-color has-text-color has-link-color wp-elements-20149559575bacfc7353be66ac8fccd2\">La Virgen de la Piedad permaneci\u00f3 en la clausura durante cinco d\u00edas, desarrollando una Misi\u00f3n Carmelita y donde la Hermandad aprovecho la cercan\u00eda de su Amant\u00edsima Titular para acercar a escolares del Licio, Misioneros del Di\u00f3cesis y otras actividades de culto que potenciaron la presencia de la Virgen de la Piedad. Antes de su partida, la Junta de Gobierno entreg\u00f3 a las monjas carmelitas el t\u00edtulo de <strong>Camareras de Honor<\/strong> de la Virgen, un gesto que simboliza el estrecho v\u00ednculo entre la hermandad y la comunidad de clausura.<\/p>\n\n\n\n<p class=\"has-vivid-cyan-blue-color has-text-color has-link-color wp-elements-6cc8379e5dc6d1aa368be5cf8261041f\"><strong>M\u00fasica y tributo en un concierto monogr\u00e1fico<\/strong><\/p>\n\n\n\n<p class=\"has-vivid-cyan-blue-color has-text-color has-link-color wp-elements-844e7d70441750c1e6515b29b21682de\">En el \u00e1mbito musical, la Banda de M\u00fasica de la Asociaci\u00f3n Cultural Musical San Jos\u00e9 Artesano interpret\u00f3 un repertorio dedicado exclusivamente a la Virgen de la Piedad, dentro de un concierto-monogr\u00e1fico. Adem\u00e1s, estrenaron una marcha procesional titulada <strong>\u201cLa Virgen de la Piedad\u201d<\/strong>, compuesta por el joven Guillermo G\u00f3mez Gurr\u00eda, que fue interpretada durante el triduo cuaresmal organizado por la hermandad.<\/p>\n\n\n\n<p class=\"has-vivid-cyan-blue-color has-text-color has-link-color wp-elements-4a773f77d430e0d1a431e2a0fff564fc\"><strong>Exposici\u00f3n conmemorativa en el Museo Naval<\/strong><\/p>\n\n\n\n<p class=\"has-vivid-cyan-blue-color has-text-color has-link-color wp-elements-d533f441fda41864f28c5f0dfc293635\">Como complemento cultural, la hermandad organiz\u00f3 una <strong>exposici\u00f3n en el Museo Naval de San Fernando<\/strong>, bajo el nombre \u201c<em>Omnia Pietas\u201d<\/em>. Esta muestra, abierta del 22 de septiembre al 4 de octubre, recogi\u00f3 im\u00e1genes, documentos y objetos cofrades, trazando la historia de la Virgen de la Piedad y el impacto de su bendici\u00f3n en la Hermandad durante las \u00faltimas cinco d\u00e9cadas.<\/p>\n\n\n\n<p class=\"has-vivid-cyan-blue-color has-text-color has-link-color wp-elements-f8443e911b002209b8e72bbe638d6987\"><strong>Significado hist\u00f3rico y devocional<\/strong><\/p>\n\n\n\n<p class=\"has-vivid-cyan-blue-color has-text-color has-link-color wp-elements-41f66f26554bdaa18cf905ea600ca491\">La Hermandad de la Misericordia, ha vivido este cincuentenario como un punto de inflexi\u00f3n, no solo por la celebraci\u00f3n est\u00e9tica o festiva, sino tambi\u00e9n por la renovaci\u00f3n espiritual. La devoci\u00f3n a la Virgen de la Piedad se reafirma, y las Santas Misiones han servido para implicar a los hermanos, las comunidades religiosas (como las carmelitas), y la ciudad entera en un camino de reflexi\u00f3n, oraci\u00f3n y hermandad.<\/p>\n\n\n\n<figure class=\"wp-block-embed is-type-video is-provider-youtube wp-block-embed-youtube wp-embed-aspect-16-9 wp-has-aspect-ratio\"><div class=\"wp-block-embed__wrapper\">\n<iframe loading=\"lazy\" title=\"Misiones Piedad 2025   HD 720p\" width=\"900\" height=\"506\" src=\"https:\/\/www.youtube.com\/embed\/3nKNVsHQfJo?feature=oembed\" frameborder=\"0\" allow=\"accelerometer; autoplay; clipboard-write; encrypted-media; gyroscope; picture-in-picture; web-share\" referrerpolicy=\"strict-origin-when-cross-origin\" allowfullscreen><\/iframe>\n<\/div><\/figure>\n\n\n\n<figure class=\"wp-block-embed is-type-video is-provider-youtube wp-block-embed-youtube wp-embed-aspect-16-9 wp-has-aspect-ratio\"><div class=\"wp-block-embed__wrapper\">\n<iframe loading=\"lazy\" title=\"\u201cOMNIA PIETAS\u201d | 50 a\u00f1os de Piedad en la Isla\" width=\"900\" height=\"506\" src=\"https:\/\/www.youtube.com\/embed\/mzpR-xG_LeU?feature=oembed\" frameborder=\"0\" allow=\"accelerometer; autoplay; clipboard-write; encrypted-media; gyroscope; picture-in-picture; web-share\" referrerpolicy=\"strict-origin-when-cross-origin\" allowfullscreen><\/iframe>\n<\/div><\/figure>\n","protected":false},"excerpt":{"rendered":"<p>50 a\u00f1os de Piedad La Real y Venerable Hermandad de la Misericordia de San Fernando ha vivido un 2025 a\u00f1o cargado de emociones conmemorativas al cumplirse los 50 a\u00f1os de&hellip;<\/p>\n","protected":false},"author":2,"featured_media":0,"parent":0,"menu_order":0,"comment_status":"closed","ping_status":"closed","template":"","meta":{"footnotes":""},"class_list":["post-109","page","type-page","status-publish","hentry"],"_links":{"self":[{"href":"https:\/\/misericordiadesanfernando.com\/index.php\/wp-json\/wp\/v2\/pages\/109","targetHints":{"allow":["GET"]}}],"collection":[{"href":"https:\/\/misericordiadesanfernando.com\/index.php\/wp-json\/wp\/v2\/pages"}],"about":[{"href":"https:\/\/misericordiadesanfernando.com\/index.php\/wp-json\/wp\/v2\/types\/page"}],"author":[{"embeddable":true,"href":"https:\/\/misericordiadesanfernando.com\/index.php\/wp-json\/wp\/v2\/users\/2"}],"replies":[{"embeddable":true,"href":"https:\/\/misericordiadesanfernando.com\/index.php\/wp-json\/wp\/v2\/comments?post=109"}],"version-history":[{"count":2,"href":"https:\/\/misericordiadesanfernando.com\/index.php\/wp-json\/wp\/v2\/pages\/109\/revisions"}],"predecessor-version":[{"id":1465,"href":"https:\/\/misericordiadesanfernando.com\/index.php\/wp-json\/wp\/v2\/pages\/109\/revisions\/1465"}],"wp:attachment":[{"href":"https:\/\/misericordiadesanfernando.com\/index.php\/wp-json\/wp\/v2\/media?parent=109"}],"curies":[{"name":"wp","href":"https:\/\/api.w.org\/{rel}","templated":true}]}}